000
CDUS46 KPQR 051145
CLIMMV


CLIMATE REPORT
NATIONAL WEATHER SERVICE PORTLAND OREGON
444 AM PDT TUE MAY 5 2015


...................................

...THE MCMINNVILLE OR CLIMATE SUMMARY FOR MAY 4 2015...

CLIMATE NORMAL PERIOD 1981 TO 2010
CLIMATE RECORD PERIOD 1894 TO 2015


WEATHER ITEM   OBSERVED TIME   RECORD YEAR NORMAL DEPARTURE LAST
                VALUE   (LST)  VALUE       VALUE  FROM      YEAR
                                                  NORMAL
..................................................................
TEMPERATURE (F)
 YESTERDAY
  MAXIMUM         64    403 PM  89    1992  65     -1       61
  MINIMUM         41    354 AM  29    1952  41      0       49
  AVERAGE         53                        53      0       55

PRECIPITATION (IN)
  YESTERDAY        0.00          0.92 1926   0.07  -0.07     0.26
  MONTH TO DATE    0.00                      0.27  -0.27     0.45
  SINCE OCT 1     30.88                     33.78  -2.90    24.44
  SINCE JAN 1     14.64                     17.75  -3.11    19.48

DEGREE DAYS
 HEATING
  YESTERDAY       12                        12      0       10
  MONTH TO DATE   36                        48    -12       27
  SINCE JUL 1   3382                      4446  -1064     4346

 COOLING
  YESTERDAY        0                         0      0        0
  MONTH TO DATE    0                         0      0        6
  SINCE JAN 1      0                         0      0       10
..................................................................


WIND (MPH)
  HIGHEST WIND SPEED    17   HIGHEST WIND DIRECTION     W (260)
  HIGHEST GUST SPEED    23   HIGHEST GUST DIRECTION     W (250)
  AVERAGE WIND SPEED     7.8


SKY COVER
  POSSIBLE SUNSHINE  MM
  AVERAGE SKY COVER 0.2


WEATHER CONDITIONS
 THE FOLLOWING WEATHER WAS RECORDED YESTERDAY.
  NO SIGNIFICANT WEATHER WAS OBSERVED.


RELATIVE HUMIDITY (PERCENT)
 HIGHEST    93           400 AM
 LOWEST     48           100 PM
 AVERAGE    71

..........................................................


THE MCMINNVILLE OR CLIMATE NORMALS FOR TODAY
                         NORMAL    RECORD    YEAR
 MAXIMUM TEMPERATURE (F)   66        94      1925
 MINIMUM TEMPERATURE (F)   42        30      1978


SUNRISE AND SUNSET
MAY  5 2015...........SUNRISE   456 AM PST   SUNSET   723 PM PST
MAY  6 2015...........SUNRISE   454 AM PST   SUNSET   725 PM PST


-  INDICATES NEGATIVE NUMBERS.
R  INDICATES RECORD WAS SET OR TIED.
MM INDICATES DATA IS MISSING.
T  INDICATES TRACE AMOUNT.




$$
