000
CDUS44 KMOB 060645
CLIMOB


CLIMATE REPORT
NATIONAL WEATHER SERVICE MOBILE AL
145 AM CDT WED MAY 6 2015


...................................

...THE MOBILE CLIMATE SUMMARY FOR MAY 5 2015...

CLIMATE NORMAL PERIOD 1981 TO 2010
CLIMATE RECORD PERIOD 1842 TO 2015


WEATHER ITEM   OBSERVED TIME   RECORD YEAR NORMAL DEPARTURE LAST
                VALUE   (LST)  VALUE       VALUE  FROM      YEAR
                                                  NORMAL
..................................................................
TEMPERATURE (F)
 YESTERDAY
  MAXIMUM         84    112 PM  94    1952  82      2       86
  MINIMUM         60    459 AM  46    1954  61     -1       62
                                      1921
  AVERAGE         72                        71      1       74

PRECIPITATION (IN)
  YESTERDAY        0.00          7.96 1981   0.16  -0.16     0.00
  MONTH TO DATE    0.00                      0.77  -0.77      T
  SINCE MAR 1     17.86                     11.70   6.16    24.59
  SINCE JAN 1     23.91                     22.47   1.44    31.71

DEGREE DAYS
 COOLING
  YESTERDAY        7                         7      0        9
  MONTH TO DATE   18                        31    -13       17
  SINCE MAR 1    293                       174    119      120
  SINCE JAN 1    297                       190    107      132
..................................................................


WIND (MPH)
  HIGHEST WIND SPEED    15   HIGHEST WIND DIRECTION    SE (130)
  HIGHEST GUST SPEED    22   HIGHEST GUST DIRECTION     S (160)
  AVERAGE WIND SPEED     6.4


SKY COVER
  POSSIBLE SUNSHINE  MM
  AVERAGE SKY COVER 0.3


WEATHER CONDITIONS
 THE FOLLOWING WEATHER WAS RECORDED YESTERDAY.
  NO SIGNIFICANT WEATHER WAS OBSERVED.


RELATIVE HUMIDITY (PERCENT)
 HIGHEST   100           200 AM
 LOWEST     42           100 PM
 AVERAGE    71

..........................................................


THE MOBILE CLIMATE NORMALS FOR TODAY
                         NORMAL    RECORD    YEAR
 MAXIMUM TEMPERATURE (F)   82        94      1952
 MINIMUM TEMPERATURE (F)   61        45      2013


SUNRISE AND SUNSET
MAY  6 2015...........SUNRISE   605 AM CDT   SUNSET   735 PM CDT
MAY  7 2015...........SUNRISE   604 AM CDT   SUNSET   735 PM CDT


-  INDICATES NEGATIVE NUMBERS.
R  INDICATES RECORD WAS SET OR TIED.
MM INDICATES DATA IS MISSING.
T  INDICATES TRACE AMOUNT.




$$
