000
CDUS43 KBIS 260028
CLIMOT


CLIMATE REPORT
NATIONAL WEATHER SERVICE BISMARCK ND
728 PM CDT SAT APR 25 2015


...................................

...THE MINOT ND CLIMATE SUMMARY FOR APRIL 25 2015...
VALID TODAY AS OF 0700 PM LOCAL TIME.

CLIMATE NORMAL PERIOD 1981 TO 2010
CLIMATE RECORD PERIOD 1897 TO 2015


WEATHER ITEM   OBSERVED TIME   RECORD YEAR NORMAL DEPARTURE LAST
                VALUE   (LST)  VALUE       VALUE  FROM      YEAR
                                                  NORMAL
..................................................................
TEMPERATURE (F)
 TODAY
  MAXIMUM         58    420 PM  81    1977  60     -2       56
  MINIMUM         33    509 AM  11    1907  36     -3       30
  AVERAGE         46                        48     -2       43

PRECIPITATION (IN)
  TODAY            0.00          0.70 1960   0.05  -0.05     0.00
  MONTH TO DATE    0.26                      0.87  -0.61     0.77
  SINCE MAR 1      0.63                      1.71  -1.08     0.82
  SINCE JAN 1      1.10                      2.62  -1.52     1.18

DEGREE DAYS
 HEATING
  TODAY           19                        17      2       22
  MONTH TO DATE  558                       571    -13      657
  SINCE MAR 1   1519                      1710   -191     1940
  SINCE JUL 1   8207                      8286    -79     9173

 COOLING
  TODAY            0                         0      0        0
  MONTH TO DATE    0                         0      0        0
  SINCE MAR 1      0                         0      0        0
  SINCE JAN 1      0                         0      0        0
..................................................................


WIND (MPH)
  RESULTANT WIND SPEED  10   RESULTANT WIND DIRECTION   E (110)
  HIGHEST WIND SPEED    21   HIGHEST WIND DIRECTION     E (110)
  HIGHEST GUST SPEED    25   HIGHEST GUST DIRECTION     E (110)
  AVERAGE WIND SPEED    10.2


SKY COVER
  POSSIBLE SUNSHINE  MM
  AVERAGE SKY COVER 0.7


WEATHER CONDITIONS
 THE FOLLOWING WEATHER WAS RECORDED TODAY.
  FOG
  FOG W/VISIBILITY <= 1/4 MILE


RELATIVE HUMIDITY (PERCENT)
 HIGHEST   100           600 AM
 LOWEST     51           100 PM
 AVERAGE    76

..........................................................


THE MINOT ND CLIMATE NORMALS FOR TOMORROW
                         NORMAL    RECORD    YEAR
 MAXIMUM TEMPERATURE (F)   60        90      1910
 MINIMUM TEMPERATURE (F)   36        12      1931


SUNRISE AND SUNSET
APRIL 25 2015.........SUNRISE   637 AM CDT   SUNSET   850 PM CDT
APRIL 26 2015.........SUNRISE   635 AM CDT   SUNSET   852 PM CDT


-  INDICATES NEGATIVE NUMBERS.
R  INDICATES RECORD WAS SET OR TIED.
MM INDICATES DATA IS MISSING.
T  INDICATES TRACE AMOUNT.




$$
