000
CDUS41 KBTV 260552
CLIMPV


CLIMATE REPORT
NATIONAL WEATHER SERVICE BURLINGTON VT
139 AM EDT SUN APR 26 2015


...................................

...THE MONTPELIER VT CLIMATE SUMMARY FOR APRIL 25 2015...

CLIMATE NORMAL PERIOD 1981 TO 2010
CLIMATE RECORD PERIOD 1948 TO 2015


WEATHER ITEM   OBSERVED TIME   RECORD YEAR NORMAL DEPARTURE LAST
                VALUE   (LST)  VALUE       VALUE  FROM      YEAR
                                                  NORMAL
..................................................................
TEMPERATURE (F)
 YESTERDAY
  MAXIMUM         44   1202 PM  85    2009  58    -14       58
  MINIMUM         29    510 AM  17    1965  35     -6       28
  AVERAGE         37                        47    -10       43

PRECIPITATION (IN)
  YESTERDAY        0.00          0.58        0.09  -0.09      T
  MONTH TO DATE    2.00                      2.19  -0.19     1.37
  SINCE MAR 1      2.84                      4.58  -1.74     4.42
  SINCE JAN 1      5.71                      9.07  -3.36     8.73

DEGREE DAYS
 HEATING
  YESTERDAY       28                        18     10       22
  MONTH TO DATE  654                       591     63      618
  SINCE MAR 1   1975                      1708    267     2067
  SINCE JUL 1   8313                      7616    697     8232

 COOLING
  YESTERDAY        0                         0      0        0
  MONTH TO DATE    0                         0      0        0
  SINCE MAR 1      0                         0      0        0
  SINCE JAN 1      0                         0      0        0
..................................................................


WIND (MPH)
  HIGHEST WIND SPEED    20   HIGHEST WIND DIRECTION    NW (310)
  HIGHEST GUST SPEED    28   HIGHEST GUST DIRECTION    NW (310)
  AVERAGE WIND SPEED     7.9


SKY COVER
  AVERAGE SKY COVER 1.0


WEATHER CONDITIONS
 THE FOLLOWING WEATHER WAS RECORDED YESTERDAY.
  NO SIGNIFICANT WEATHER WAS OBSERVED.


RELATIVE HUMIDITY (PERCENT)
 HIGHEST    82          1000 PM
 LOWEST     53          1200 PM
 AVERAGE    68

..........................................................


THE MONTPELIER VT CLIMATE NORMALS FOR TODAY
                         NORMAL    RECORD    YEAR
 MAXIMUM TEMPERATURE (F)   59        80      1990
 MINIMUM TEMPERATURE (F)   35        22      1967


SUNRISE AND SUNSET
APRIL 26 2015.........SUNRISE   549 AM EDT   SUNSET   748 PM EDT
APRIL 27 2015.........SUNRISE   548 AM EDT   SUNSET   749 PM EDT


-  INDICATES NEGATIVE NUMBERS.
R  INDICATES RECORD WAS SET OR TIED.
MM INDICATES DATA IS MISSING.
T  INDICATES TRACE AMOUNT.




$$
