000
CDUS41 KLWX 242122
CLIMRB


CLIMATE REPORT
NATIONAL WEATHER SERVICE BALTIMORE MD/WASHINGTON DC
522 PM EDT FRI APR 24 2015


...................................

...THE MARTINSBURG WV CLIMATE SUMMARY FOR APRIL 24 2015...
VALID TODAY AS OF 0500 PM LOCAL TIME.

CLIMATE NORMAL PERIOD 1981 TO 2010
CLIMATE RECORD PERIOD 1926 TO 2015


WEATHER ITEM   OBSERVED TIME   RECORD YEAR NORMAL DEPARTURE LAST
                VALUE   (LST)  VALUE       VALUE  FROM      YEAR
                                                  NORMAL
..................................................................
TEMPERATURE (F)
 TODAY
  MAXIMUM         59    345 PM  92    1960  67     -8       66
  MINIMUM         38    612 AM  29    2002  43     -5       39
  AVERAGE         49                        55     -6       53

PRECIPITATION (IN)
  TODAY            0.00          2.09 1983   0.11  -0.11     0.00
  MONTH TO DATE    2.50                      2.65  -0.15     1.34
  SINCE MAR 1      4.80                      6.17  -1.37     3.46
  SINCE JAN 1      7.09                     10.95  -3.86     7.21

DEGREE DAYS
 HEATING
  TODAY           16                        10      6       12
  MONTH TO DATE  217                       329   -112      295
  SINCE MAR 1    959                      1043    -84     1130
  SINCE JUL 1   4882                      4999   -117     5223

 COOLING
  TODAY            0                         0      0        0
  MONTH TO DATE    1                         0      1        7
  SINCE MAR 1      1                         1      0        7
  SINCE JAN 1      1                         1      0        7
..................................................................


WIND (MPH)
  HIGHEST WIND SPEED    26   HIGHEST WIND DIRECTION    NW (300)
  HIGHEST GUST SPEED    32   HIGHEST GUST DIRECTION     W (290)
  AVERAGE WIND SPEED    14.8


SKY COVER
  POSSIBLE SUNSHINE  MM
  AVERAGE SKY COVER 0.2


WEATHER CONDITIONS
 THE FOLLOWING WEATHER WAS RECORDED TODAY.
  NO SIGNIFICANT WEATHER WAS OBSERVED.


RELATIVE HUMIDITY (PERCENT)
 HIGHEST    53          1200 AM
 LOWEST     21           200 PM
 AVERAGE    37

..........................................................


THE MARTINSBURG WV CLIMATE NORMALS FOR TOMORROW
                         NORMAL    RECORD    YEAR
 MAXIMUM TEMPERATURE (F)   67        92      2009
 MINIMUM TEMPERATURE (F)   44        25      1956


SUNRISE AND SUNSET
APRIL 24 2015.........SUNRISE   622 AM EDT   SUNSET   758 PM EDT
APRIL 25 2015.........SUNRISE   621 AM EDT   SUNSET   759 PM EDT


-  INDICATES NEGATIVE NUMBERS.
R  INDICATES RECORD WAS SET OR TIED.
MM INDICATES DATA IS MISSING.
T  INDICATES TRACE AMOUNT.




$$
