000
CDUS44 KHUN 190712
CLIMSL


CLIMATE REPORT
NATIONAL WEATHER SERVICE HUNTSVILLE AL
211 AM CDT SUN APR 19 2015


...................................

...THE MUSCLE SHOALS CLIMATE SUMMARY FOR APRIL 18 2015...

CLIMATE NORMAL PERIOD 1981 TO 2010
CLIMATE RECORD PERIOD 1893 TO 2015


WEATHER ITEM   OBSERVED TIME   RECORD YEAR NORMAL DEPARTURE LAST
                VALUE   (LST)  VALUE       VALUE  FROM      YEAR
                                                  NORMAL
..................................................................
TEMPERATURE (F)
 YESTERDAY
  MAXIMUM         76    341 PM  93    2006  74      2       66
  MINIMUM         57    244 AM  33    1961  50      7       51
                                      1936
                                      1919
  AVERAGE         67                        62      5       59

PRECIPITATION (IN)
  YESTERDAY        0.03          2.41 1938   0.14  -0.11     0.00
  MONTH TO DATE    2.78                      2.61   0.17     3.28
  SINCE MAR 1      9.36                      7.37   1.99     5.90
  SINCE JAN 1     16.64                     16.64   0.00    11.59

SNOWFALL (IN)
  YESTERDAY        0.0
  MONTH TO DATE    0.0
  SINCE MAR 1      0.7
  SINCE JUL 1      4.2
  SNOW DEPTH       0

DEGREE DAYS
 HEATING
  YESTERDAY        0                         5     -5        6
  MONTH TO DATE   37                       119    -82      121
  SINCE MAR 1    385                       497   -112      564
  SINCE JUL 1   3156                      3032    124     3335

 COOLING
  YESTERDAY        2                         2      0        0
  MONTH TO DATE   48                        24     24       27
  SINCE MAR 1     50                        36     14       27
  SINCE JAN 1     50                        37     13       27
..................................................................


WIND (MPH)
  HIGHEST WIND SPEED    10   HIGHEST WIND DIRECTION    SE (130)
  HIGHEST GUST SPEED    13   HIGHEST GUST DIRECTION     E (110)
  AVERAGE WIND SPEED     4.0


SKY COVER
  POSSIBLE SUNSHINE  MM
  AVERAGE SKY COVER 0.8


WEATHER CONDITIONS
 THE FOLLOWING WEATHER WAS RECORDED YESTERDAY.
  LIGHT RAIN
  FOG
  FOG W/VISIBILITY <= 1/4 MILE


RELATIVE HUMIDITY (PERCENT)
 HIGHEST    97           700 AM
 LOWEST     64           100 PM
 AVERAGE    81

..........................................................


THE MUSCLE SHOALS CLIMATE NORMALS FOR TODAY
                         NORMAL    RECORD    YEAR
 MAXIMUM TEMPERATURE (F)   74        91      2006
 MINIMUM TEMPERATURE (F)   50        33      1983
                                             1953
                                             1936


SUNRISE AND SUNSET
APRIL 19 2015.........SUNRISE   614 AM CDT   SUNSET   726 PM CDT
APRIL 20 2015.........SUNRISE   613 AM CDT   SUNSET   726 PM CDT


-  INDICATES NEGATIVE NUMBERS.
R  INDICATES RECORD WAS SET OR TIED.
MM INDICATES DATA IS MISSING.
T  INDICATES TRACE AMOUNT.




$$
