000
CDUS41 KBTV 190536
CLIMSS


CLIMATE REPORT
NATIONAL WEATHER SERVICE BURLINGTON VT
135 AM EDT SUN APR 19 2015


...................................

...THE MASSENA NY CLIMATE SUMMARY FOR APRIL 18 2015...

CLIMATE NORMAL PERIOD 1981 TO 2010
CLIMATE RECORD PERIOD 1948 TO 2015


WEATHER ITEM   OBSERVED TIME   RECORD YEAR NORMAL DEPARTURE LAST
                VALUE   (LST)  VALUE       VALUE  FROM      YEAR
                                                  NORMAL
..................................................................
TEMPERATURE (F)
 YESTERDAY
  MAXIMUM         63    207 PM  82    1976  56      7       55
  MINIMUM         40   1159 PM  25    1985  34      6       32
  AVERAGE         52                        45      7       44

PRECIPITATION (IN)
  YESTERDAY        T             0.86        0.10  -0.10     0.11
  MONTH TO DATE    1.30                      1.69  -0.39     2.41
  SINCE MAR 1      1.84                      3.78  -1.94     3.32
  SINCE JAN 1      3.26                      7.73  -4.47     6.06

DEGREE DAYS
 HEATING
  YESTERDAY       13                        20     -7       21
  MONTH TO DATE  409                       441    -32      467
  SINCE MAR 1   1704                      1585    119     1895
  SINCE JUL 1   7870                      7572    298     8064

 COOLING
  YESTERDAY        0                         0      0        0
  MONTH TO DATE    0                         0      0        0
  SINCE MAR 1      0                         0      0        0
  SINCE JAN 1      0                         0      0        0
..................................................................


WIND (MPH)
  HIGHEST WIND SPEED    26   HIGHEST WIND DIRECTION     W (280)
  HIGHEST GUST SPEED    33   HIGHEST GUST DIRECTION    NW (310)
  AVERAGE WIND SPEED     9.8


SKY COVER
  AVERAGE SKY COVER 0.5


WEATHER CONDITIONS
 THE FOLLOWING WEATHER WAS RECORDED YESTERDAY.
  FOG


RELATIVE HUMIDITY (PERCENT)
 HIGHEST    92          1200 AM
 LOWEST     32           200 PM
 AVERAGE    62

..........................................................


THE MASSENA NY CLIMATE NORMALS FOR TODAY
                         NORMAL    RECORD    YEAR
 MAXIMUM TEMPERATURE (F)   56        81      1987
 MINIMUM TEMPERATURE (F)   35        19      1970


SUNRISE AND SUNSET
APRIL 19 2015.........SUNRISE   608 AM EDT   SUNSET   749 PM EDT
APRIL 20 2015.........SUNRISE   607 AM EDT   SUNSET   751 PM EDT


-  INDICATES NEGATIVE NUMBERS.
R  INDICATES RECORD WAS SET OR TIED.
MM INDICATES DATA IS MISSING.
T  INDICATES TRACE AMOUNT.




$$
