000
CDUS44 KLIX 190719
CLINEW


CLIMATE REPORT
NATIONAL WEATHER SERVICE NEW ORLEANS
217 AM CDT SUN APR 19 2015


...................................

...THE NEW ORLEANS CLIMATE SUMMARY FOR APRIL 18 2015...

CLIMATE NORMAL PERIOD 1981 TO 2010
CLIMATE RECORD PERIOD 1946 TO 2015


WEATHER ITEM   OBSERVED TIME   RECORD YEAR NORMAL DEPARTURE LAST
                VALUE   (LST)  VALUE       VALUE  FROM      YEAR
                                                  NORMAL
..................................................................
TEMPERATURE (F)
 YESTERDAY
  MAXIMUM         79    114 PM  91    1987  79      0       74
  MINIMUM         70   1050 PM  43    1999  61      9       60
                                      1961
  AVERAGE         75                        70      5       67

PRECIPITATION (IN)
  YESTERDAY        1.16          2.40 1991   0.15   1.01      T
  MONTH TO DATE    8.81                      2.73   6.08     2.17
  SINCE MAR 1     15.17                      7.28   7.89     7.42
  SINCE JAN 1     22.87                     17.73   5.14    16.45

SNOWFALL (IN)
  YESTERDAY        0.0
  MONTH TO DATE    0.0
  SINCE MAR 1      0.0
  SINCE JUL 1      0.0
  SNOW DEPTH       0

DEGREE DAYS
 HEATING
  YESTERDAY        0                         1     -1        0
  MONTH TO DATE    0                        28    -28       41
  SINCE MAR 1     70                       164    -94      228
  SINCE JUL 1   1274                      1273      1     1581

 COOLING
  YESTERDAY       10                         5      5        2
  MONTH TO DATE  172                        76     96       58
  SINCE MAR 1    296                       139    157       79
  SINCE JAN 1    314                       176    138      103
..................................................................


WIND (MPH)
  HIGHEST WIND SPEED    18   HIGHEST WIND DIRECTION    SE (150)
  HIGHEST GUST SPEED    23   HIGHEST GUST DIRECTION    SE (140)
  AVERAGE WIND SPEED     7.6


SKY COVER
  POSSIBLE SUNSHINE  MM
  AVERAGE SKY COVER 1.0


WEATHER CONDITIONS
 THE FOLLOWING WEATHER WAS RECORDED YESTERDAY.
  THUNDERSTORM
  RAIN
  LIGHT RAIN
  FOG


RELATIVE HUMIDITY (PERCENT)
 HIGHEST    93           600 AM
 LOWEST     74           100 PM
 AVERAGE    84

..........................................................


THE NEW ORLEANS CLIMATE NORMALS FOR TODAY
                         NORMAL    RECORD    YEAR
 MAXIMUM TEMPERATURE (F)   79        90      1987
 MINIMUM TEMPERATURE (F)   61        45      1983


SUNRISE AND SUNSET
APRIL 19 2015.........SUNRISE   630 AM CDT   SUNSET   731 PM CDT
APRIL 20 2015.........SUNRISE   629 AM CDT   SUNSET   731 PM CDT


-  INDICATES NEGATIVE NUMBERS.
R  INDICATES RECORD WAS SET OR TIED.
MM INDICATES DATA IS MISSING.
T  INDICATES TRACE AMOUNT.




$$
