000
CDUS46 KMTR 270835
CLINUQ


CLIMATE REPORT
NATIONAL WEATHER SERVICE SAN FRANCISCO BAY AREA
135 AM PDT MON APR 27 2015


...................................

...THE MOFFETT FIELD CLIMATE SUMMARY FOR APRIL 26 2015...

CLIMATE NORMAL PERIOD 1981 TO 2010
CLIMATE RECORD PERIOD 1945 TO 2015


WEATHER ITEM   OBSERVED TIME   RECORD YEAR NORMAL DEPARTURE LAST
                VALUE   (LST)  VALUE       VALUE  FROM      YEAR
                                                  NORMAL
..................................................................
TEMPERATURE (F)
 YESTERDAY
  MAXIMUM         72    409 PM  92    2004  70      2       62
  MINIMUM         48    545 AM  40    1958  51     -3       48
  AVERAGE         60                        60      0       55

PRECIPITATION (IN)
  YESTERDAY        0.00          0.47 1960   0.03  -0.03      T
  MONTH TO DATE    0.88                      0.88   0.00     0.86
  SINCE OCT 1     13.48                     13.80  -0.32     5.94
  SINCE JAN 1      3.49                      8.96  -5.47     5.18

DEGREE DAYS
 HEATING
  YESTERDAY        5                                        10
  MONTH TO DATE  152                                       125
  SINCE MAR 1    305                                       279
  SINCE JUL 1   1410                                      1737

 COOLING
  YESTERDAY        0                                         0
  MONTH TO DATE    1                                         8
  SINCE MAR 1      9                                        12
  SINCE JAN 1      9                                        12
..................................................................


WIND (MPH)
  RESULTANT WIND SPEED   6   RESULTANT WIND DIRECTION   N (350)
  HIGHEST WIND SPEED    20   HIGHEST WIND DIRECTION     N (350)
  HIGHEST GUST SPEED    25   HIGHEST GUST DIRECTION     N (350)
  AVERAGE WIND SPEED     6.6


SKY COVER
  POSSIBLE SUNSHINE  MM
  AVERAGE SKY COVER 0.0


WEATHER CONDITIONS
 THE FOLLOWING WEATHER WAS RECORDED YESTERDAY.
  NO SIGNIFICANT WEATHER WAS OBSERVED.


RELATIVE HUMIDITY (PERCENT)
 HIGHEST    80           600 AM
 LOWEST     33          1200 PM
 AVERAGE    57

..........................................................


THE MOFFETT FIELD CLIMATE NORMALS FOR TODAY
                         NORMAL    RECORD    YEAR
 MAXIMUM TEMPERATURE (F)   70        92      2004
 MINIMUM TEMPERATURE (F)   51        38      1955


SUNRISE AND SUNSET
APRIL 27 2015.........SUNRISE   618 AM PDT   SUNSET   754 PM PDT
APRIL 28 2015.........SUNRISE   617 AM PDT   SUNSET   755 PM PDT


-  INDICATES NEGATIVE NUMBERS.
R  INDICATES RECORD WAS SET OR TIED.
MM INDICATES DATA IS MISSING.
T  INDICATES TRACE AMOUNT.




$$
