000
CDHW42 PHFO 051245
CLIOGG


CLIMATE REPORT
NATIONAL WEATHER SERVICE HONOLULU HI
245 AM HST TUE MAY 5 2015


...................................

...THE KAHULUI HI CLIMATE SUMMARY FOR MAY 4 2015...

CLIMATE NORMAL PERIOD 1981 TO 2010
CLIMATE RECORD PERIOD 1946 TO 2015


WEATHER ITEM   OBSERVED TIME   RECORD YEAR NORMAL DEPARTURE LAST
                VALUE   (LST)  VALUE       VALUE  FROM      YEAR
                                                  NORMAL
..................................................................
TEMPERATURE (F)
 YESTERDAY
  MAXIMUM         84    247 PM  89    2013  84      0       86
                                      1995
                                      1984
  MINIMUM         66    344 AM  59    1972  66      0       65
  AVERAGE         75                        75      0       76

PRECIPITATION (IN)
  YESTERDAY        0.00          1.04 1978   0.03  -0.03     0.00
  MONTH TO DATE    0.05                      0.14  -0.09     0.10
  SINCE MAR 1     12.47                      4.14   8.33     6.38
  SINCE JAN 1     16.78                      8.90   7.88    13.03

SNOWFALL (IN)
  YESTERDAY        0.0
  MONTH TO DATE    0.0
  SINCE MAR 1      0.0
  SINCE JUL 1      0.0
  SNOW DEPTH       0

DEGREE DAYS
 HEATING
  YESTERDAY        0                         0      0        0
  MONTH TO DATE    0                         0      0        0
  SINCE MAR 1      0                         0      0        0
  SINCE JUL 1      0                         0      0        0

 COOLING
  YESTERDAY       10                        10      0       11
  MONTH TO DATE   44                        40      4       43
  SINCE MAR 1    621                       557     64      642
  SINCE JAN 1   1025                       966     59     1153
..................................................................


WIND (MPH)
  HIGHEST WIND SPEED    26   HIGHEST WIND DIRECTION     E (70)
  HIGHEST GUST SPEED    35   HIGHEST GUST DIRECTION     E (70)
  AVERAGE WIND SPEED    14.4


SKY COVER
  POSSIBLE SUNSHINE  MM
  AVERAGE SKY COVER 0.5


WEATHER CONDITIONS
 THE FOLLOWING WEATHER WAS RECORDED YESTERDAY.
  NO SIGNIFICANT WEATHER WAS OBSERVED.


RELATIVE HUMIDITY (PERCENT)
 HIGHEST    81           300 AM
 LOWEST     46           300 PM
 AVERAGE    64

..........................................................


THE KAHULUI HI CLIMATE NORMALS FOR TODAY
                         NORMAL    RECORD    YEAR
 MAXIMUM TEMPERATURE (F)   84        90      2007
                                             1984
 MINIMUM TEMPERATURE (F)   66        58      1985


SUNRISE AND SUNSET
MAY  5 2015...........SUNRISE   553 AM HST   SUNSET   652 PM HST
MAY  6 2015...........SUNRISE   553 AM HST   SUNSET   652 PM HST


-  INDICATES NEGATIVE NUMBERS.
R  INDICATES RECORD WAS SET OR TIED.
MM INDICATES DATA IS MISSING.
T  INDICATES TRACE AMOUNT.




$$
