000
CDUS46 KSEW 210125
CLIOLM


CLIMATE REPORT
NATIONAL WEATHER SERVICE SEATTLE WA
625 PM PDT MON APR 20 2015


...................................

...THE OLYMPIA WA AIRPORT CLIMATE SUMMARY FOR APRIL 20 2015...
VALID TODAY AS OF 0600 PM LOCAL TIME.

CLIMATE NORMAL PERIOD 1981 TO 2010
CLIMATE RECORD PERIOD 1948 TO 2015


WEATHER ITEM   OBSERVED TIME   RECORD YEAR NORMAL DEPARTURE LAST
                VALUE   (LST)  VALUE       VALUE  FROM      YEAR
                                                  NORMAL
..................................................................
TEMPERATURE (F)
 TODAY
  MAXIMUM         77    441 PM  78    1956  60     17       60
  MINIMUM         35    526 AM  26    1951  38     -3       36
  AVERAGE         56                        49      7       48

PRECIPITATION (IN)
  TODAY            0.00          0.71 1960   0.12  -0.12     0.00
  MONTH TO DATE    1.24                      2.55  -1.31     2.00
  SINCE OCT 1     38.17                     41.64  -3.47    33.05
  SINCE JAN 1     19.14                     20.95  -1.81    24.21

DEGREE DAYS
 HEATING
  TODAY            9                        16     -7       17
  MONTH TO DATE  338                       349    -11      309
  SINCE MAR 1    863                       985   -122      886
  SINCE JUL 1   3898                      4707   -809     4669

 COOLING
  TODAY            0                         0      0        0
  MONTH TO DATE    0                         0      0        0
  SINCE MAR 1      0                         0      0        0
  SINCE JAN 1      0                         0      0        0
..................................................................


WIND (MPH)
  RESULTANT WIND SPEED   2   RESULTANT WIND DIRECTION   N (10)
  HIGHEST WIND SPEED    10   HIGHEST WIND DIRECTION     N (340)
  HIGHEST GUST SPEED    13   HIGHEST GUST DIRECTION    NE (30)
  AVERAGE WIND SPEED     2.6


SKY COVER
  AVERAGE SKY COVER 0.0


WEATHER CONDITIONS
 THE FOLLOWING WEATHER WAS RECORDED TODAY.
  NO SIGNIFICANT WEATHER WAS OBSERVED.


RELATIVE HUMIDITY (PERCENT)
 HIGHEST    92           400 AM
 LOWEST     27           300 PM
 AVERAGE    60

..........................................................


THE OLYMPIA WA AIRPORT CLIMATE NORMALS FOR TOMORROW
                         NORMAL    RECORD    YEAR
 MAXIMUM TEMPERATURE (F)   60        80      1982
 MINIMUM TEMPERATURE (F)   38        24      1951


SUNRISE AND SUNSET
APRIL 20 2015.........SUNRISE   615 AM PDT   SUNSET   807 PM PDT
APRIL 21 2015.........SUNRISE   613 AM PDT   SUNSET   808 PM PDT


-  INDICATES NEGATIVE NUMBERS.
R  INDICATES RECORD WAS SET OR TIED.
MM INDICATES DATA IS MISSING.
T  INDICATES TRACE AMOUNT.




$$
