000
CDUS46 KOTX 190833
CLIOMK


CLIMATE REPORT
NATIONAL WEATHER SERVICE SPOKANE, WA
133 AM PDT SUN APR 19 2015


...................................

...THE OMAK WA AIRPORT CLIMATE SUMMARY FOR APRIL 18 2015...

CLIMATE NORMAL PERIOD 1981 TO 2010
CLIMATE RECORD PERIOD 9999 TO 9999


WEATHER ITEM   OBSERVED TIME   RECORD YEAR NORMAL DEPARTURE LAST
                VALUE   (LST)  VALUE       VALUE  FROM      YEAR
                                                  NORMAL
..................................................................
TEMPERATURE (F)
 YESTERDAY
  MAXIMUM         70    333 PM  87    1936  64      6       64
  MINIMUM         43   1128 PM  22    1972  37      6       35
  AVERAGE         57                        50      7       50

PRECIPITATION (IN)
  YESTERDAY        0.00          0.68 1996   0.04  -0.04      T
  MONTH TO DATE    0.07                      0.62  -0.55     0.02
  SINCE OCT 1      9.29                     10.23  -0.94     4.17
  SINCE JAN 1      2.72                      4.78  -2.06     3.00

SNOWFALL (IN)
  YESTERDAY       MM

DEGREE DAYS
 HEATING
  YESTERDAY        8                        15     -7       15
  MONTH TO DATE  335                       293     42      270
  SINCE MAR 1    883                      1022   -139     1020
  SINCE JUL 1   5069                      5883   -814     6010

 COOLING
  YESTERDAY        0                         0      0        0
  MONTH TO DATE    0                         0      0        0
  SINCE MAR 1      0                         0      0        0
  SINCE JAN 1      0                         0      0        0
..................................................................


WIND (MPH)
  HIGHEST WIND SPEED    22   HIGHEST WIND DIRECTION     N (20)
  HIGHEST GUST SPEED    27   HIGHEST GUST DIRECTION     N (20)
  AVERAGE WIND SPEED    11.4


SKY COVER
  POSSIBLE SUNSHINE  MM
  AVERAGE SKY COVER 0.0


WEATHER CONDITIONS
 THE FOLLOWING WEATHER WAS RECORDED YESTERDAY.
  NO SIGNIFICANT WEATHER WAS OBSERVED.


RELATIVE HUMIDITY (PERCENT)
 HIGHEST    54           300 AM
 LOWEST     14           200 PM
 AVERAGE    34

..........................................................


THE OMAK WA AIRPORT CLIMATE NORMALS FOR TODAY
                         NORMAL    RECORD    YEAR
 MAXIMUM TEMPERATURE (F)   64        87      1934
 MINIMUM TEMPERATURE (F)   37        19      1966


SUNRISE AND SUNSET
APRIL 19 2015.........SUNRISE   601 AM PDT   SUNSET   755 PM PDT
APRIL 20 2015.........SUNRISE   559 AM PDT   SUNSET   756 PM PDT


-  INDICATES NEGATIVE NUMBERS.
R  INDICATES RECORD WAS SET OR TIED.
MM INDICATES DATA IS MISSING.
T  INDICATES TRACE AMOUNT.




$$
