000
CDUS41 KBOX 192125
CLIORH


CLIMATE REPORT
NATIONAL WEATHER SERVICE TAUNTON MA
524 PM EDT SUN APR 19 2015


...................................

...THE WORCESTER MA CLIMATE SUMMARY FOR APRIL 19 2015...
VALID TODAY AS OF 0500 PM LOCAL TIME.

CLIMATE NORMAL PERIOD 1981 TO 2010
CLIMATE RECORD PERIOD 1892 TO 2015


WEATHER ITEM   OBSERVED TIME   RECORD YEAR NORMAL DEPARTURE LAST
                VALUE   (LST)  VALUE       VALUE  FROM      YEAR
                                                  NORMAL
..................................................................
TEMPERATURE (F)
 TODAY
  MAXIMUM         61    359 PM  91    1976  57      4       58
  MINIMUM         38    431 AM  21    1926  38      0       33
  AVERAGE         50                        48      2       46

PRECIPITATION (IN)
  TODAY            0.00          1.85 1983   0.13  -0.13     0.00
  MONTH TO DATE    1.30                      2.70  -1.40     2.35
  SINCE MAR 1      3.72                      6.91  -3.19     7.77
  SINCE JAN 1     12.03                     13.63  -1.60    14.95

SNOWFALL (IN)
  TODAY            0.0           1.8  1983   0.1   -0.1      0.0
  MONTH TO DATE    0.2                       2.3   -2.1      0.6
  SINCE MAR 1     11.1                      13.7   -2.6      4.3
  SINCE JUL 1    119.7                      63.6   56.1     85.2
  SNOW DEPTH      MM

DEGREE DAYS
 HEATING
  TODAY           15                        18     -3       19
  MONTH TO DATE  362                       401    -39      380
  SINCE MAR 1   1448                      1340    108     1508
  SINCE JUL 1   6562                      6177    385     6562

 COOLING
  TODAY            0                         0      0        0
  MONTH TO DATE    0                         0      0        0
  SINCE MAR 1      0                         0      0        0
  SINCE JAN 1      0                         0      0        0
..................................................................


WIND (MPH)
  HIGHEST WIND SPEED    15   HIGHEST WIND DIRECTION     N (350)
  HIGHEST GUST SPEED    21   HIGHEST GUST DIRECTION     N (350)
  AVERAGE WIND SPEED     6.9


SKY COVER
  POSSIBLE SUNSHINE  MM
  AVERAGE SKY COVER 0.0


WEATHER CONDITIONS
 THE FOLLOWING WEATHER WAS RECORDED TODAY.
  NO SIGNIFICANT WEATHER WAS OBSERVED.


RELATIVE HUMIDITY (PERCENT)
 HIGHEST    64           500 AM
 LOWEST     26           400 PM
 AVERAGE    45

..........................................................


THE WORCESTER MA CLIMATE NORMALS FOR TOMORROW
                         NORMAL    RECORD    YEAR
 MAXIMUM TEMPERATURE (F)   57        91      1941
 MINIMUM TEMPERATURE (F)   39        20      1926


SUNRISE AND SUNSET
APRIL 19 2015.........SUNRISE   601 AM EDT   SUNSET   733 PM EDT
APRIL 20 2015.........SUNRISE   559 AM EDT   SUNSET   734 PM EDT


-  INDICATES NEGATIVE NUMBERS.
R  INDICATES RECORD WAS SET OR TIED.
MM INDICATES DATA IS MISSING.
T  INDICATES TRACE AMOUNT.




$$
