000
CDUS43 KDDC 022326
CLIP28


CLIMATE REPORT
NATIONAL WEATHER SERVICE DODGE CITY KS
625 PM CDT SAT MAY 2 2015


...................................

...THE MEDICINE LODGE KS CLIMATE SUMMARY FOR MAY 2 2015...
VALID TODAY AS OF 0500 PM LOCAL TIME.

CLIMATE NORMAL PERIOD 1981 TO 2010
CLIMATE RECORD PERIOD 1893 TO 2015


WEATHER ITEM   OBSERVED TIME   RECORD YEAR NORMAL DEPARTURE LAST
                VALUE   (LST)  VALUE       VALUE  FROM      YEAR
                                                  NORMAL
..................................................................
TEMPERATURE (F)
 TODAY
  MAXIMUM         84    331 PM  96    1968  74     10       77
  MINIMUM         58    557 AM  32    2014  50      8       32
  AVERAGE         71                        62      9       55

PRECIPITATION (IN)
  TODAY            0.00          1.78 1914   0.11  -0.11     0.00
  MONTH TO DATE    0.00                      0.21  -0.21     0.00
  SINCE MAR 1      3.86                      4.90  -1.04     1.12
  SINCE JAN 1      5.17                      6.65  -1.48     2.07

DEGREE DAYS
 HEATING
  TODAY            0                         5     -5       10
  MONTH TO DATE    0                        10    -10       22
  SINCE MAR 1    643                       866   -223     1010
  SINCE JUL 1   4217                      4395   -178     4961

 COOLING
  TODAY            6                         2      4        0
  MONTH TO DATE    7                         3      4        0
  SINCE MAR 1     39                        27     12       29
  SINCE JAN 1     39                        27     12       29
..................................................................


WIND (MPH)
  HIGHEST WIND SPEED    26   HIGHEST WIND DIRECTION     S (190)
  HIGHEST GUST SPEED    32   HIGHEST GUST DIRECTION     S (190)
  AVERAGE WIND SPEED    10.4




RELATIVE HUMIDITY (PERCENT)
 HIGHEST    86           600 AM
 LOWEST     32           300 PM
 AVERAGE    59

..........................................................


THE MEDICINE LODGE KS CLIMATE NORMALS FOR TOMORROW
                         NORMAL    RECORD    YEAR
 MAXIMUM TEMPERATURE (F)   74       101      1950
 MINIMUM TEMPERATURE (F)   50        28      1954


SUNRISE AND SUNSET
MAY  2 2015...........SUNRISE   639 AM CDT   SUNSET   825 PM CDT
MAY  3 2015...........SUNRISE   637 AM CDT   SUNSET   825 PM CDT


-  INDICATES NEGATIVE NUMBERS.
R  INDICATES RECORD WAS SET OR TIED.
MM INDICATES DATA IS MISSING.
T  INDICATES TRACE AMOUNT.




$$
