000
CDUS45 KLKN 270935
CLIP68


CLIMATE REPORT
NATIONAL WEATHER SERVICE ELKO NV
234 AM PDT MON APR 27 2015


...................................

...THE EUREKA AIRPORT NV CLIMATE SUMMARY FOR APRIL 26 2015...

CLIMATE NORMAL PERIOD 1981 TO 2010
CLIMATE RECORD PERIOD 1963 TO 2015


WEATHER ITEM   OBSERVED TIME   RECORD YEAR NORMAL DEPARTURE LAST
                VALUE   (LST)  VALUE       VALUE  FROM      YEAR
                                                  NORMAL
..................................................................
TEMPERATURE (F)
 YESTERDAY
  MAXIMUM         50    411 PM  79    2000  62    -12       48
  MINIMUM         21   1154 PM  11    1985  30     -9       32
  AVERAGE         36                        46    -10       40

PRECIPITATION (IN)
  YESTERDAY        0.03          0.29 2002   0.03   0.00     0.18
  MONTH TO DATE    0.35                      0.83  -0.48     1.26
  SINCE OCT 1      2.37                      5.49  -3.12     6.00
  SINCE JAN 1      1.25                      3.36  -2.11     3.60

DEGREE DAYS
 HEATING
  YESTERDAY       29                        19     10       25
  MONTH TO DATE  587                       576     11      495
  SINCE MAR 1   1227                      1447   -220     1273
  SINCE JUL 1   5270                      6732  -1462     6077

 COOLING
  YESTERDAY        0                         0      0        0
  MONTH TO DATE    0                         0      0        0
  SINCE MAR 1      0                         0      0        0
  SINCE JAN 1      0                         0      0        0
..................................................................


WIND (MPH)
  HIGHEST WIND SPEED    26   HIGHEST WIND DIRECTION     N (360)
  HIGHEST GUST SPEED    35   HIGHEST GUST DIRECTION     N (10)
  AVERAGE WIND SPEED     9.8




RELATIVE HUMIDITY (PERCENT)
 HIGHEST    92           300 AM
 LOWEST     29           400 PM
 AVERAGE    61

..........................................................


THE EUREKA AIRPORT NV CLIMATE NORMALS FOR TODAY
                         NORMAL    RECORD    YEAR
 MAXIMUM TEMPERATURE (F)   63        83      2000
 MINIMUM TEMPERATURE (F)   30         6      1966


SUNRISE AND SUNSET
APRIL 27 2015.........SUNRISE   550 AM PDT   SUNSET   733 PM PDT
APRIL 28 2015.........SUNRISE   549 AM PDT   SUNSET   734 PM PDT


-  INDICATES NEGATIVE NUMBERS.
R  INDICATES RECORD WAS SET OR TIED.
MM INDICATES DATA IS MISSING.
T  INDICATES TRACE AMOUNT.




$$
