000
CDUS43 KPAH 060648
CLIPAH


CLIMATE REPORT
NATIONAL WEATHER SERVICE PADUCAH KY
143 AM CDT WED MAY 6 2015


...................................

...THE PADUCAH KY CLIMATE SUMMARY FOR MAY 5 2015...

CLIMATE NORMAL PERIOD 1981 TO 2010
CLIMATE RECORD PERIOD 1937 TO 2015


WEATHER ITEM   OBSERVED TIME   RECORD YEAR NORMAL DEPARTURE LAST
                VALUE   (LST)  VALUE       VALUE  FROM      YEAR
                                                  NORMAL
..................................................................
TEMPERATURE (F)
 YESTERDAY
  MAXIMUM         87    212 PM  92    1959  75     12       88
  MINIMUM         59   1156 PM  39    2011  53      6       65
  AVERAGE         73                        64      9       77

PRECIPITATION (IN)
  YESTERDAY        0.00          1.63 1999   0.18  -0.18     0.00
  MONTH TO DATE    0.00                      0.88  -0.88     0.00
  SINCE MAR 1     14.62                      9.57   5.05    12.12
  SINCE JAN 1     21.91                     17.16   4.75    17.30

SNOWFALL (IN)
  YESTERDAY        0.0           0.0  2002   0.0    0.0      0.0
                                      2001
  MONTH TO DATE    0.0                       0.0    0.0      0.0
  SINCE MAR 1     12.1                       0.6   11.5      5.6
  SINCE JUL 1     28.6                       9.1   19.5     18.5
  SNOW DEPTH       0

DEGREE DAYS
 HEATING
  YESTERDAY        0                         3     -3        0
  MONTH TO DATE   15                        18     -3       20
  SINCE MAR 1    771                       786    -15      849
  SINCE JUL 1   4440                      4082    358     4504

 COOLING
  YESTERDAY        8                         2      6       12
  MONTH TO DATE   19                        10      9       17
  SINCE MAR 1     61                        52      9       47
  SINCE JAN 1     61                        52      9       47
..................................................................


WIND (MPH)
  HIGHEST WIND SPEED    14   HIGHEST WIND DIRECTION    SE (140)
  HIGHEST GUST SPEED    19   HIGHEST GUST DIRECTION     S (170)
  AVERAGE WIND SPEED     6.1


SKY COVER
  POSSIBLE SUNSHINE  MM
  AVERAGE SKY COVER 0.1


WEATHER CONDITIONS
 THE FOLLOWING WEATHER WAS RECORDED YESTERDAY.
  NO SIGNIFICANT WEATHER WAS OBSERVED.


RELATIVE HUMIDITY (PERCENT)
 HIGHEST    78          1100 PM
 LOWEST     34           300 PM
 AVERAGE    56

..........................................................


THE PADUCAH KY CLIMATE NORMALS FOR TODAY
                         NORMAL    RECORD    YEAR
 MAXIMUM TEMPERATURE (F)   75        91      2012
 MINIMUM TEMPERATURE (F)   53        35      1968


SUNRISE AND SUNSET
MAY  6 2015...........SUNRISE   556 AM CDT   SUNSET   748 PM CDT
MAY  7 2015...........SUNRISE   554 AM CDT   SUNSET   749 PM CDT


-  INDICATES NEGATIVE NUMBERS.
R  INDICATES RECORD WAS SET OR TIED.
MM INDICATES DATA IS MISSING.
T  INDICATES TRACE AMOUNT.


.........................................................

***** AGRICULTURAL DATA *****

SOIL TEMPERATURES AT A DEPTH OF FOUR INCHES

UNDER GRASS...  MAXIMUM: 63  MINIMUM: 62


$$
