000
CDUS44 KLZK 260902
CLIPBF


CLIMATE REPORT
NATIONAL WEATHER SERVICE LITTLE ROCK AR
402 AM CDT SUN APR 26 2015


...................................

...THE PINE BLUFF CLIMATE SUMMARY FOR APRIL 25 2015...

CLIMATE NORMAL PERIOD 1981 TO 2010
CLIMATE RECORD PERIOD 1883 TO 2015


WEATHER ITEM   OBSERVED TIME   RECORD YEAR NORMAL DEPARTURE LAST
                VALUE   (LST)  VALUE       VALUE  FROM      YEAR
                                                  NORMAL
..................................................................
TEMPERATURE (F)
 YESTERDAY
  MAXIMUM         85    415 PM  89    1954  77      8       75
                                      1925
  MINIMUM         60    237 AM  30    1910  55      5       53
  AVERAGE         73                        66      7       64

PRECIPITATION (IN)
  YESTERDAY        0.01          3.67 1905   0.17  -0.16     0.00
  MONTH TO DATE    7.36                      4.13   3.23     4.44
  SINCE MAR 1     15.40                      9.53   5.87     8.90
  SINCE JAN 1     22.33                     17.35   4.98    14.33

SNOWFALL (IN)
  YESTERDAY        0.0          MM      MM   0.0    0.0      0.0
  MONTH TO DATE    0.0                       0.0    0.0      0.0
  SINCE MAR 1      2.0                       0.0    2.0       T
  SINCE JUL 1      9.2                       3.1    6.1      3.7
  SNOW DEPTH       0

DEGREE DAYS
 HEATING
  YESTERDAY        0                         2     -2        1
  MONTH TO DATE   68                       119    -51      139
  SINCE MAR 1    483                       466     17      623
  SINCE JUL 1   3217                      2854    363     3392

 COOLING
  YESTERDAY        8                         3      5        0
  MONTH TO DATE   75                        49     26       35
  SINCE MAR 1     85                        66     19       35
  SINCE JAN 1     85                        69     16       35
..................................................................


WIND (MPH)
  HIGHEST WIND SPEED    22   HIGHEST WIND DIRECTION    SE (130)
  HIGHEST GUST SPEED    29   HIGHEST GUST DIRECTION    SW (230)
  AVERAGE WIND SPEED    10.3


SKY COVER
  POSSIBLE SUNSHINE  MM
  AVERAGE SKY COVER 0.5


WEATHER CONDITIONS
 THE FOLLOWING WEATHER WAS RECORDED YESTERDAY.
  LIGHT RAIN
  FOG


RELATIVE HUMIDITY (PERCENT)
 HIGHEST   100           200 AM
 LOWEST     37           500 PM
 AVERAGE    69

..........................................................


THE PINE BLUFF CLIMATE NORMALS FOR TODAY
                         NORMAL    RECORD    YEAR
 MAXIMUM TEMPERATURE (F)   77        92      1896
 MINIMUM TEMPERATURE (F)   55        34      1910


SUNRISE AND SUNSET
APRIL 26 2015.........SUNRISE   624 AM CDT   SUNSET   748 PM CDT
APRIL 27 2015.........SUNRISE   623 AM CDT   SUNSET   749 PM CDT


-  INDICATES NEGATIVE NUMBERS.
R  INDICATES RECORD WAS SET OR TIED.
MM INDICATES DATA IS MISSING.
T  INDICATES TRACE AMOUNT.




$$
