000
CDUS46 KPDT 190940
CLIPDT

CLIMATE REPORT
NATIONAL WEATHER SERVICE PENDLETON OR
240 AM PDT SUN APR 19 2015


...................................

...THE PENDLETON OR CLIMATE SUMMARY FOR APRIL 18 2015...

CLIMATE NORMAL PERIOD 1981 TO 2010
CLIMATE RECORD PERIOD 1890 TO 2015


WEATHER ITEM   OBSERVED TIME   RECORD YEAR NORMAL DEPARTURE LAST
                VALUE   (LST)  VALUE       VALUE  FROM      YEAR
                                                  NORMAL
..................................................................
TEMPERATURE (F)
 YESTERDAY
  MAXIMUM         69    333 PM  88    1910  63      6       60
  MINIMUM         37    532 AM  23    1909  39     -2       37
  AVERAGE         53                        51      2       49

PRECIPITATION (IN)
  YESTERDAY        0.00          1.00 1902   0.04  -0.04     0.00
  MONTH TO DATE    0.27                      0.69  -0.42     0.54
  SINCE OCT 1      7.71                      8.55  -0.84     6.95
  SINCE JAN 1      3.01                      4.55  -1.54     5.16

SNOWFALL (IN)
  YESTERDAY        0.0           0.0  2002   0.0    0.0      0.0
                                      2001
                                      2000
  MONTH TO DATE    T                         0.0    0.0      0.0
  SINCE JAN 1      0.4                       7.7   -7.3     15.2
  SINCE JUL 1      7.2                      15.2   -8.0     21.7
  SNOW DEPTH       0

DEGREE DAYS
 HEATING
  YESTERDAY       12                        14     -2       16
  MONTH TO DATE  330                       277     53      242
  SINCE MAR 1    800                       894    -94      843
  SINCE JUL 1   4293                      4793   -500     5108

 COOLING
  YESTERDAY        0                         0      0        0
  MONTH TO DATE    0                         0      0        0
  SINCE MAR 1      0                         0      0        0
  SINCE JAN 1      0                         0      0        0
..................................................................


WIND (MPH)
  HIGHEST WIND SPEED    13   HIGHEST WIND DIRECTION    SE (150)
  HIGHEST GUST SPEED    16   HIGHEST GUST DIRECTION     N (340)
  AVERAGE WIND SPEED     5.9


SKY COVER
  POSSIBLE SUNSHINE  MM
  AVERAGE SKY COVER 0.0


WEATHER CONDITIONS
THE FOLLOWING WEATHER WAS RECORDED YESTERDAY.
  NO SIGNIFICANT WEATHER WAS OBSERVED.


RELATIVE HUMIDITY (PERCENT)
 HIGHEST    79           300 AM
 LOWEST     15           400 PM
 AVERAGE    47

..........................................................


THE PENDLETON OR CLIMATE NORMALS FOR TODAY
                         NORMAL    RECORD    YEAR
 MAXIMUM TEMPERATURE (F)   63        88      1934
 MINIMUM TEMPERATURE (F)   39        23      1966
                                             1898


SUNRISE AND SUNSET
APRIL 19 2015.........SUNRISE   603 AM PDT   SUNSET   747 PM PDT
APRIL 20 2015.........SUNRISE   601 AM PDT   SUNSET   748 PM PDT


-  INDICATES NEGATIVE NUMBERS.
R  INDICATES RECORD WAS SET OR TIED.
MM INDICATES DATA IS MISSING.
T  INDICATES TRACE AMOUNT.

$$
