000
CDUS43 KILX 012127
CLIPIA


CLIMATE REPORT
NATIONAL WEATHER SERVICE LINCOLN IL
427 PM CDT WED APR 1 2015


...................................

...THE PEORIA IL CLIMATE SUMMARY FOR APRIL 1 2015...
VALID TODAY AS OF 0400 PM LOCAL TIME.

CLIMATE NORMAL PERIOD 1981 TO 2010
CLIMATE RECORD PERIOD 1883 TO 2015


WEATHER ITEM   OBSERVED TIME   RECORD YEAR NORMAL DEPARTURE LAST
                VALUE   (LST)  VALUE       VALUE  FROM      YEAR
                                                  NORMAL
..................................................................
TEMPERATURE (F)
 TODAY
  MAXIMUM         79    241 PM  85    2012  57     22       54
  MINIMUM         44    601 AM  17    1899  37      7       32
  AVERAGE         62                        47     15       43

PRECIPITATION (IN)
  TODAY            0.00          2.48 1983   0.11  -0.11     0.00
  MONTH TO DATE    0.00                      0.11  -0.11     0.00
  SINCE MAR 1      0.65                      2.91  -2.26     1.94
  SINCE JAN 1      4.37                      6.48  -2.11     6.81

SNOWFALL (IN)
  TODAY            0.0           2.9  1970   0.0    0.0      0.0
  MONTH TO DATE    0.0                       0.0    0.0      0.0
  SINCE MAR 1      2.7                       2.7    0.0      7.1
  SINCE JUL 1     27.0                      24.0    3.0     57.3
  SNOW DEPTH       0

DEGREE DAYS
 HEATING
  TODAY            3                        18    -15       22
  MONTH TO DATE    3                        18    -15       22
  SINCE MAR 1    746                       774    -28      956
  SINCE JUL 1   5452                      5290    162     6135

 COOLING
  TODAY            0                         0      0        0
  MONTH TO DATE    0                         0      0        0
  SINCE MAR 1      0                         1     -1        0
  SINCE JAN 1      0                         1     -1        0
..................................................................


WIND (MPH)
  HIGHEST WIND SPEED    24   HIGHEST WIND DIRECTION     S (190)
  HIGHEST GUST SPEED    32   HIGHEST GUST DIRECTION     S (180)
  AVERAGE WIND SPEED     9.5


SKY COVER
  POSSIBLE SUNSHINE  MM
  AVERAGE SKY COVER 0.0


WEATHER CONDITIONS
 THE FOLLOWING WEATHER WAS RECORDED TODAY.
  NO SIGNIFICANT WEATHER WAS OBSERVED.


RELATIVE HUMIDITY (PERCENT)
 HIGHEST    66           700 AM
 LOWEST     21           200 PM
 AVERAGE    44

..........................................................


THE PEORIA IL CLIMATE NORMALS FOR TOMORROW
                         NORMAL    RECORD    YEAR
 MAXIMUM TEMPERATURE (F)   58        84      1940
 MINIMUM TEMPERATURE (F)   37        16      1899


SUNRISE AND SUNSET
APRIL  1 2015.........SUNRISE   643 AM CDT   SUNSET   723 PM CDT
APRIL  2 2015.........SUNRISE   641 AM CDT   SUNSET   724 PM CDT


-  INDICATES NEGATIVE NUMBERS.
R  INDICATES RECORD WAS SET OR TIED.
MM INDICATES DATA IS MISSING.
T  INDICATES TRACE AMOUNT.




$$
