000
CDUS41 KPBZ 252136
CLIPIT

CLIMATE REPORT
NATIONAL WEATHER SERVICE PITTSBURGH PA
535 PM EDT SAT APR 25 2015

...................................

...THE PITTSBURGH PA CLIMATE SUMMARY FOR APRIL 25 2015...
VALID TODAY AS OF 0500 PM LOCAL TIME.

CLIMATE NORMAL PERIOD 1981 TO 2010
CLIMATE RECORD PERIOD 1871 TO 2015

WEATHER ITEM   OBSERVED TIME   RECORD YEAR NORMAL DEPARTURE LAST
                VALUE   (LST)  VALUE       VALUE  FROM      YEAR
                                                  NORMAL
..................................................................
TEMPERATURE (F)
 TODAY
  MAXIMUM         53    314 PM  87    2009  65    -12       64
                                      1990
  MINIMUM         33    707 AM  27    1919  43    -10       45
  AVERAGE         43                        54    -11       55

PRECIPITATION (IN)
  TODAY            0.26          1.54 1937   0.10   0.16     0.37
  MONTH TO DATE    3.58                      2.59   0.99     3.13
  SINCE JUN 1     33.14                     33.72  -0.58    33.74
  SINCE JAN 1     11.39                     10.63   0.76     9.43

SNOWFALL (IN)
  TODAY            0.3           0.5  1919   0.0    0.3      0.0
  MONTH TO DATE    0.3                       1.5   -1.2      0.1
  SINCE OCT 1     47.5                      41.9    5.6     63.4
  SINCE JUL 1     47.5                      41.9    5.6     63.4
  SNOW DEPTH       T

DEGREE DAYS
 HEATING
  TODAY           22                        11     11       10
  MONTH TO DATE  285                       378    -93      327
  SINCE MAR 1   1183                      1166     17     1267
  SINCE JUL 1   5851                      5423    428     5798

 COOLING
  TODAY            0                         0      0        0
  MONTH TO DATE    1                         0      1       10
  SINCE MAR 1      1                         1      0       10
  SINCE JAN 1      1                         1      0       10
..................................................................

WIND (MPH)
  HIGHEST WIND SPEED    13   HIGHEST WIND DIRECTION    NE (40)
  HIGHEST GUST SPEED    15   HIGHEST GUST DIRECTION    NE (60)
  AVERAGE WIND SPEED     5.1


SKY COVER
  POSSIBLE SUNSHINE  MM
  AVERAGE SKY COVER 1.0


WEATHER CONDITIONS
 THE FOLLOWING WEATHER WAS RECORDED TODAY.
  LIGHT RAIN
  SNOW
  LIGHT SNOW
  FOG


RELATIVE HUMIDITY (PERCENT)
 HIGHEST    96           600 AM
 LOWEST     38           300 PM
 AVERAGE    67

..........................................................


THE PITTSBURGH PA CLIMATE NORMALS FOR TOMORROW
                         NORMAL    RECORD    YEAR
 MAXIMUM TEMPERATURE (F)   65        87      1990
                                             1942
                                             1915
 MINIMUM TEMPERATURE (F)   44        29      1981
                                             1919


SUNRISE AND SUNSET
APRIL 25 2015.........SUNRISE   628 AM EDT   SUNSET   810 PM EDT
APRIL 26 2015.........SUNRISE   627 AM EDT   SUNSET   811 PM EDT


-  INDICATES NEGATIVE NUMBERS.
R  INDICATES RECORD WAS SET OR TIED.
MM INDICATES DATA IS MISSING.
T  INDICATES TRACE AMOUNT.

&&

SNOW DEPTH IS MEASURED AT 7 AM EST OR 8 AM EDT.

$$
