000
CDUS44 KMOB 030645
CLIPNS


CLIMATE REPORT
NATIONAL WEATHER SERVICE MOBILE AL
145 AM CDT SUN MAY 3 2015


...................................

...THE PENSACOLA CLIMATE SUMMARY FOR MAY 2 2015...

CLIMATE NORMAL PERIOD 1981 TO 2010
CLIMATE RECORD PERIOD 1879 TO 2015


WEATHER ITEM   OBSERVED TIME   RECORD YEAR NORMAL DEPARTURE LAST
                VALUE   (LST)  VALUE       VALUE  FROM      YEAR
                                                  NORMAL
..................................................................
TEMPERATURE (F)
 YESTERDAY
  MAXIMUM         77    219 PM  89    1901  80     -3       73
  MINIMUM         53    529 AM  50    1909  62     -9       60
  AVERAGE         65                        71     -6       67

PRECIPITATION (IN)
  YESTERDAY        0.00          5.27 1937   0.13  -0.13     0.04
  MONTH TO DATE    0.00                      0.25  -0.25     0.07
  SINCE MAR 1     12.36                     10.38   1.98    39.38
  SINCE JAN 1     22.77                     20.07   2.70    50.71

DEGREE DAYS
 HEATING
  YESTERDAY        0                         0      0        0
  MONTH TO DATE    0                         0      0        1
  SINCE MAR 1    101                       227   -126      247
  SINCE JUL 1   1544                      1535      9     1584

 COOLING
  YESTERDAY        0                         6     -6        2
  MONTH TO DATE    5                        12     -7        2
  SINCE MAR 1    306                       146    160      136
  SINCE JAN 1    313                       160    153      151
..................................................................


WIND (MPH)
  HIGHEST WIND SPEED    15   HIGHEST WIND DIRECTION     S (200)
  HIGHEST GUST SPEED    19   HIGHEST GUST DIRECTION     S (180)
  AVERAGE WIND SPEED     6.3


SKY COVER
  POSSIBLE SUNSHINE  MM
  AVERAGE SKY COVER 0.0


WEATHER CONDITIONS
 THE FOLLOWING WEATHER WAS RECORDED YESTERDAY.
  HAZE


RELATIVE HUMIDITY (PERCENT)
 HIGHEST    77           500 AM
 LOWEST     31          1100 AM
 AVERAGE    54

..........................................................


THE PENSACOLA CLIMATE NORMALS FOR TODAY
                         NORMAL    RECORD    YEAR
 MAXIMUM TEMPERATURE (F)   80        90      1951
 MINIMUM TEMPERATURE (F)   62        48      1921


SUNRISE AND SUNSET
MAY  3 2015...........SUNRISE   604 AM CDT   SUNSET   728 PM CDT
MAY  4 2015...........SUNRISE   603 AM CDT   SUNSET   729 PM CDT


-  INDICATES NEGATIVE NUMBERS.
R  INDICATES RECORD WAS SET OR TIED.
MM INDICATES DATA IS MISSING.
T  INDICATES TRACE AMOUNT.




$$
