000
CDUS46 KPDT 210905
CLIPSC

CLIMATE REPORT
NATIONAL WEATHER SERVICE PENDLETON OR
204 AM PDT TUE APR 21 2015


...................................

...THE PASCO WA CLIMATE SUMMARY FOR APRIL 20 2015...

CLIMATE NORMAL PERIOD 1981 TO 2010
CLIMATE RECORD PERIOD 1948 TO 2015


WEATHER ITEM   OBSERVED TIME   RECORD YEAR NORMAL DEPARTURE LAST
                VALUE   (LST)  VALUE       VALUE  FROM      YEAR
                                                  NORMAL
..................................................................
TEMPERATURE (F)
 YESTERDAY
  MAXIMUM         81    252 PM  85    2009  69     12       67
  MINIMUM         37    525 AM  25    2011  39     -2       40
  AVERAGE         59                        54      5       54

PRECIPITATION (IN)
  YESTERDAY        0.00          0.18 1976   0.02  -0.02     0.00
  MONTH TO DATE    0.18                      0.46  -0.28     0.12
  SINCE OCT 1      4.27                      6.28  -2.01     2.44
  SINCE JAN 1      1.90                      3.33  -1.43     1.86

SNOWFALL (IN)
  YESTERDAY        0.0
  SNOW DEPTH       0

DEGREE DAYS
 HEATING
  YESTERDAY        6                        11     -5       11
  MONTH TO DATE  286                       260     26      209
  SINCE MAR 1    735                       838   -103      768
  SINCE JUL 1   4191                      4721   -530     4997

 COOLING
  YESTERDAY        0                         0      0        0
  MONTH TO DATE    0                         0      0        0
  SINCE MAR 1      0                         0      0        0
  SINCE JAN 1      0                         0      0        0
..................................................................


WIND (MPH)
  RESULTANT WIND SPEED   1   RESULTANT WIND DIRECTION   N (20)
  HIGHEST WIND SPEED     9   HIGHEST WIND DIRECTION    NW (330)
  HIGHEST GUST SPEED    11   HIGHEST GUST DIRECTION    NW (320)


SKY COVER
  POSSIBLE SUNSHINE  MM
  AVERAGE SKY COVER 0.0


WEATHER CONDITIONS
THE FOLLOWING WEATHER WAS RECORDED YESTERDAY.
  NO SIGNIFICANT WEATHER WAS OBSERVED.


RELATIVE HUMIDITY (PERCENT)
 HIGHEST    93
 LOWEST     17
 AVERAGE    55

..........................................................


THE PASCO WA CLIMATE NORMALS FOR TODAY
                         NORMAL    RECORD    YEAR
 MAXIMUM TEMPERATURE (F)   69        86      2009
 MINIMUM TEMPERATURE (F)   39        29      2008


SUNRISE AND SUNSET
APRIL 21 2015.........SUNRISE   600 AM PDT   SUNSET   752 PM PDT
APRIL 22 2015.........SUNRISE   558 AM PDT   SUNSET   753 PM PDT


-  INDICATES NEGATIVE NUMBERS.
R  INDICATES RECORD WAS SET OR TIED.
MM INDICATES DATA IS MISSING.
T  INDICATES TRACE AMOUNT.

$$
