000
CDUS45 KPUB 301052
CLIPUB


CLIMATE REPORT
NATIONAL WEATHER SERVICE PUEBLO
452 AM MDT MON MAR 30 2015


...................................

...THE PUEBLO CO CLIMATE SUMMARY FOR MARCH 29 2015...

CLIMATE NORMAL PERIOD 1981 TO 2010
CLIMATE RECORD PERIOD 1888 TO 2015


WEATHER ITEM   OBSERVED TIME   RECORD YEAR NORMAL DEPARTURE LAST
                VALUE   (LST)  VALUE       VALUE  FROM      YEAR
                                                  NORMAL
..................................................................
TEMPERATURE (F)
 YESTERDAY
  MAXIMUM         66    411 PM  86    1943  62      4       71
  MINIMUM         44   1159 PM   7    1975  29     15       23
                                      1926
  AVERAGE         55                        46      9       47

PRECIPITATION (IN)
  YESTERDAY        0.00          0.53 1901   0.03  -0.03     0.00
  MONTH TO DATE    0.57                      0.86  -0.29     0.76
  SINCE MAR 1      0.57                      0.86  -0.29     0.76
  SINCE JAN 1      1.95                      1.51   0.44     1.49

SNOWFALL (IN)
  YESTERDAY        0.0           5.0  1901   0.2   -0.2      0.0
  MONTH TO DATE    1.7                       5.3   -3.6      2.4
  SINCE MAR 1      1.7                       5.3   -3.6      2.4
  SINCE JUL 1     42.8                      27.1   15.7     21.0
  SNOW DEPTH       0

DEGREE DAYS
 HEATING
  YESTERDAY       10                        19     -9       18
  MONTH TO DATE  590                       663    -73      648
  SINCE MAR 1    590                       663    -73      648
  SINCE JUL 1   4612                      4966   -354     4853

 COOLING
  YESTERDAY        0                         0      0        0
  MONTH TO DATE    0                         0      0        0
  SINCE MAR 1      0                         0      0        0
  SINCE JAN 1      0                         0      0        0
..................................................................


WIND (MPH)
  HIGHEST WIND SPEED    25   HIGHEST WIND DIRECTION     N (20)
  HIGHEST GUST SPEED    30   HIGHEST GUST DIRECTION     N (20)
  AVERAGE WIND SPEED     9.7


SKY COVER
  POSSIBLE SUNSHINE  MM
  AVERAGE SKY COVER 0.0


WEATHER CONDITIONS
 THE FOLLOWING WEATHER WAS RECORDED YESTERDAY.
  NO SIGNIFICANT WEATHER WAS OBSERVED.


RELATIVE HUMIDITY (PERCENT)
 HIGHEST    42           400 AM
 LOWEST     18           200 PM
 AVERAGE    30

..........................................................


THE PUEBLO CO CLIMATE NORMALS FOR TODAY
                         NORMAL    RECORD    YEAR
 MAXIMUM TEMPERATURE (F)   63        83      2010
                                             1986
                                             1946
 MINIMUM TEMPERATURE (F)   29        -1      1926


SUNRISE AND SUNSET
MARCH 30 2015.........SUNRISE   646 AM MDT   SUNSET   719 PM MDT
MARCH 31 2015.........SUNRISE   645 AM MDT   SUNSET   720 PM MDT


-  INDICATES NEGATIVE NUMBERS.
R  INDICATES RECORD WAS SET OR TIED.
MM INDICATES DATA IS MISSING.
T  INDICATES TRACE AMOUNT.




$$
