000
CDUS43 KLOT 280633
CLIPWK


CLIMATE REPORT
NATIONAL WEATHER SERVICE CHICAGO IL
133 AM CDT TUE APR 28 2015


...................................

...THE CHICAGO EXECUTIVE CLIMATE SUMMARY FOR APRIL 27 2015...

CLIMATE NORMAL PERIOD 1981 TO 2010
CLIMATE RECORD PERIOD 1996 TO 2015


WEATHER ITEM   OBSERVED TIME   RECORD YEAR NORMAL DEPARTURE LAST
                VALUE   (LST)  VALUE       VALUE  FROM      YEAR
                                                  NORMAL
..................................................................
TEMPERATURE (F)
 YESTERDAY
  MAXIMUM         53   1126 AM  75    2003  62     -9       55
  MINIMUM         37   1038 PM  35    2012  41     -4       43
                                      2004
  AVERAGE         45                        52     -7       49

PRECIPITATION (IN)
  YESTERDAY        0.00          1.08 1999   0.15  -0.15     0.06
  MONTH TO DATE    3.16                      2.48   0.68     1.70
  SINCE MAR 1      3.47                      4.73  -1.26     2.25
  SINCE JAN 1      4.16                      7.31  -3.15     4.38

DEGREE DAYS
 HEATING
  YESTERDAY       20                        13      7       16
  MONTH TO DATE  436                       483    -47      463
  SINCE MAR 1   1360                      1336     24     1510
  SINCE JUL 1   6488                      6074    414     6869

 COOLING
  YESTERDAY        0                         0      0        0
  MONTH TO DATE    0                         0      0        0
  SINCE MAR 1      0                         0      0        0
  SINCE JAN 1      0                         0      0        0
..................................................................


WIND (MPH)
  RESULTANT WIND SPEED   7   RESULTANT WIND DIRECTION   N (20)
  HIGHEST WIND SPEED    18   HIGHEST WIND DIRECTION     N (20)
  HIGHEST GUST SPEED    24   HIGHEST GUST DIRECTION    NE (50)
  AVERAGE WIND SPEED     7.7



WEATHER CONDITIONS
 THE FOLLOWING WEATHER WAS RECORDED YESTERDAY.
  NO SIGNIFICANT WEATHER WAS OBSERVED.


..........................................................


THE CHICAGO EXECUTIVE CLIMATE NORMALS FOR TODAY
                         NORMAL    RECORD    YEAR
 MAXIMUM TEMPERATURE (F)   63        80      2004
 MINIMUM TEMPERATURE (F)   42        32      2010


SUNRISE AND SUNSET
APRIL 28 2015.........SUNRISE   552 AM CDT   SUNSET   747 PM CDT
APRIL 29 2015.........SUNRISE   550 AM CDT   SUNSET   748 PM CDT


-  INDICATES NEGATIVE NUMBERS.
R  INDICATES RECORD WAS SET OR TIED.
MM INDICATES DATA IS MISSING.
T  INDICATES TRACE AMOUNT.




$$
