000
CDUS46 KPDT 270914
CLIRDM

CLIMATE REPORT
NATIONAL WEATHER SERVICE PENDLETON OR
146 AM PDT MON APR 27 2015


...................................

...THE REDMOND OR CLIMATE SUMMARY FOR APRIL 26 2015...

CLIMATE NORMAL PERIOD 1981 TO 2010
CLIMATE RECORD PERIOD 1949 TO 2015


WEATHER ITEM   OBSERVED TIME   RECORD YEAR NORMAL DEPARTURE LAST
                VALUE   (LST)  VALUE       VALUE  FROM      YEAR
                                                  NORMAL
..................................................................
TEMPERATURE (F)
 YESTERDAY
  MAXIMUM         58    330 PM  84    2004  62     -4       53
  MINIMUM         22    509 AM  20    1984  31     -9       26
  AVERAGE         40                        46     -6       40

PRECIPITATION (IN)
  YESTERDAY        0.00          0.38 1970   0.02  -0.02      T
  MONTH TO DATE    0.15                      0.62  -0.47     0.58
  SINCE OCT 1      5.81                      5.66   0.15     3.80
  SINCE JAN 1      1.53                      2.90  -1.37     3.09

DEGREE DAYS
 HEATING
  YESTERDAY       25                        19      6       25
  MONTH TO DATE  600                       547     53      509
  SINCE MAR 1   1221                      1325   -104     1230
  SINCE JUL 1   5254                      5998   -744     6023

 COOLING
  YESTERDAY        0                         0      0        0
  MONTH TO DATE    0                         0      0        0
  SINCE MAR 1      0                         0      0        0
  SINCE JAN 1      0                         0      0        0
..................................................................


WIND (MPH)
  RESULTANT WIND SPEED   1   RESULTANT WIND DIRECTION  NW (330)
  HIGHEST WIND SPEED    14   HIGHEST WIND DIRECTION    NW (300)
  HIGHEST GUST SPEED    18   HIGHEST GUST DIRECTION    NW (310)
  AVERAGE WIND SPEED     5.3


SKY COVER
  POSSIBLE SUNSHINE  MM
  AVERAGE SKY COVER 0.6


WEATHER CONDITIONS
 THE FOLLOWING WEATHER WAS RECORDED YESTERDAY.
  NO SIGNIFICANT WEATHER WAS OBSERVED.


RELATIVE HUMIDITY (PERCENT)
 HIGHEST   100           500 AM
 LOWEST     24          1200 PM
 AVERAGE    62

..........................................................


THE REDMOND OR CLIMATE NORMALS FOR TODAY
                         NORMAL    RECORD    YEAR
 MAXIMUM TEMPERATURE (F)   62        88      1987
 MINIMUM TEMPERATURE (F)   31        13      1970


SUNRISE AND SUNSET
APRIL 27 2015.........SUNRISE   602 AM PDT   SUNSET   803 PM PDT
APRIL 28 2015.........SUNRISE   600 AM PDT   SUNSET   805 PM PDT


-  INDICATES NEGATIVE NUMBERS.
R  INDICATES RECORD WAS SET OR TIED.
MM INDICATES DATA IS MISSING.
T  INDICATES TRACE AMOUNT.




$$
