000
CDUS42 KRAH 192034
CLIRDU


CLIMATE REPORT
NATIONAL WEATHER SERVICE RALEIGH NC
433 PM EDT SUN APR 19 2015


...................................

...THE RALEIGH-DURHAM INTL AIRPORT NC CLIMATE SUMMARY FOR APRIL 19 2015...
VALID TODAY AS OF 0433 PM LOCAL TIME.

CLIMATE NORMAL PERIOD 1981 TO 2010
CLIMATE RECORD PERIOD 1887 TO 2015


WEATHER ITEM   OBSERVED TIME   RECORD YEAR NORMAL DEPARTURE LAST
                VALUE   (LST)  VALUE       VALUE  FROM      YEAR
                                                  NORMAL
..................................................................
TEMPERATURE (F)
 TODAY
  MAXIMUM         73   1131 AM  93    1941  73      0       53
  MINIMUM         63    347 AM  29    2001  49     14       46
  AVERAGE         68                        61      7       50

PRECIPITATION (IN)
  TODAY            0.15          1.71 1988   0.10   0.05     0.56
  MONTH TO DATE    2.39                      1.91   0.48     3.59
  SINCE MAR 1      5.67                      6.02  -0.35     8.65
  SINCE JAN 1     11.93                     12.75  -0.82    13.61

SNOWFALL (IN)
  TODAY            0.0           T    1983   0.0    0.0      0.0
  MONTH TO DATE    0.0                       0.1   -0.1      0.0
  SINCE MAR 1      0.0                       0.6   -0.6      0.2
  SINCE JUL 1      7.9                       6.1    1.8      5.8
  SNOW DEPTH       0

DEGREE DAYS
 HEATING
  TODAY            0                         6     -6       15
  MONTH TO DATE   60                       142    -82      130
  SINCE MAR 1    479                       566    -87      713
  SINCE JUL 1   3376                      3138    238     3414

 COOLING
  TODAY            3                         2      1        0
  MONTH TO DATE   46                        25     21       22
  SINCE MAR 1     50                        36     14       22
  SINCE JAN 1     50                        37     13       22
..................................................................


WIND (MPH)
  HIGHEST WIND SPEED    20   HIGHEST WIND DIRECTION    SE (120)
  HIGHEST GUST SPEED    24   HIGHEST GUST DIRECTION     E (110)
  AVERAGE WIND SPEED     6.7


SKY COVER
  POSSIBLE SUNSHINE  MM
  AVERAGE SKY COVER 1.0


WEATHER CONDITIONS
 THE FOLLOWING WEATHER WAS RECORDED TODAY.
  RAIN
  LIGHT RAIN
  FOG


RELATIVE HUMIDITY (PERCENT)
 HIGHEST    93           300 AM
 LOWEST     68          1100 AM
 AVERAGE    81

..........................................................


THE RALEIGH-DURHAM INTL AIRPORT NC CLIMATE NORMALS FOR TOMORROW
                         NORMAL    RECORD    YEAR
 MAXIMUM TEMPERATURE (F)   74        93      1896
 MINIMUM TEMPERATURE (F)   49        28      1983


SUNRISE AND SUNSET
APRIL 19 2015.........SUNRISE   637 AM EDT   SUNSET   752 PM EDT
APRIL 20 2015.........SUNRISE   636 AM EDT   SUNSET   753 PM EDT


-  INDICATES NEGATIVE NUMBERS.
R  INDICATES RECORD WAS SET OR TIED.
MM INDICATES DATA IS MISSING.
T  INDICATES TRACE AMOUNT.

&&

CLIMATE REPORT NWS FORECAST OFFICE
NCSU CENTENNIAL CAMPUS
RALEIGH, NC

MAXIMUM TEMPERATURE... 70

MINIMUM TEMPERATURE... 63

PRECIPITATION...0.25


$$
