000
CDUS41 KAKQ 040550
CLIRIC


CLIMATE REPORT
NATIONAL WEATHER SERVICE WAKEFIELD, VA
150 AM EDT MON MAY 4 2015


...................................

...THE RICHMOND VA CLIMATE SUMMARY FOR MAY 3 2015...

CLIMATE NORMAL PERIOD 1981 TO 2010
CLIMATE RECORD PERIOD 1871 TO 2015


WEATHER ITEM   OBSERVED TIME   RECORD YEAR NORMAL DEPARTURE LAST
                VALUE   (LST)  VALUE       VALUE  FROM      YEAR
                                                  NORMAL
..................................................................
TEMPERATURE (F)
 YESTERDAY
  MAXIMUM         83    259 PM  92    1965  75      8       77
                                      1913
  MINIMUM         55    406 AM  34    1963  51      4       51
  AVERAGE         69                        63      6       64

PRECIPITATION (IN)
  YESTERDAY        0.00          1.34 1893   0.11  -0.11     0.00
  MONTH TO DATE    0.20                      0.33  -0.13      T
  SINCE MAR 1      9.31                      7.64   1.67     7.29
  SINCE JAN 1     16.57                     13.44   3.13    13.60

SNOWFALL (IN)
  YESTERDAY        0.0           0.0  2002   0.0    0.0
  MONTH TO DATE    0.0                       0.0    0.0
  SINCE NOV 1     12.8                      10.3    2.5
  SINCE JUL 1     12.8                      10.3    2.5
  SNOW DEPTH       0

DEGREE DAYS
 HEATING
  YESTERDAY        0                         4     -4        1
  MONTH TO DATE   15                        12      3        3
  SINCE MAR 1    731                       768    -37      810
  SINCE JUL 1   3833                      3704    129     3763

 COOLING
  YESTERDAY        4                         2      2        0
  MONTH TO DATE    4                         6     -2        9
  SINCE MAR 1     29                        48    -19       38
  SINCE JAN 1     29                        48    -19       38
..................................................................


WIND (MPH)
  HIGHEST WIND SPEED    12   HIGHEST WIND DIRECTION     S (190)
  HIGHEST GUST SPEED    16   HIGHEST GUST DIRECTION     S (200)
  AVERAGE WIND SPEED     3.7


SKY COVER
  POSSIBLE SUNSHINE  MM
  AVERAGE SKY COVER 0.3


WEATHER CONDITIONS
 THE FOLLOWING WEATHER WAS RECORDED YESTERDAY.
  NO SIGNIFICANT WEATHER WAS OBSERVED.


RELATIVE HUMIDITY (PERCENT)
 HIGHEST    67           100 AM
 LOWEST     21          1200 PM
 AVERAGE    44

..........................................................


THE RICHMOND VA CLIMATE NORMALS FOR TODAY
                         NORMAL    RECORD    YEAR
 MAXIMUM TEMPERATURE (F)   75        92      1965
 MINIMUM TEMPERATURE (F)   51        32      1986


SUNRISE AND SUNSET
MAY  4 2015...........SUNRISE   611 AM EDT   SUNSET   802 PM EDT
MAY  5 2015...........SUNRISE   610 AM EDT   SUNSET   803 PM EDT


-  INDICATES NEGATIVE NUMBERS.
R  INDICATES RECORD WAS SET OR TIED.
MM INDICATES DATA IS MISSING.
T  INDICATES TRACE AMOUNT.




$$
