000
CDUS45 KREV 260041
CLIRNO


CLIMATE REPORT
NATIONAL WEATHER SERVICE RENO NV
540 PM PDT SAT APR 25 2015


...................................

...THE RENO TAHOE AIRPORT NV CLIMATE SUMMARY FOR APRIL 25 2015...
VALID TODAY AS OF 0500 PM LOCAL TIME.

CLIMATE NORMAL PERIOD 1981 TO 2010
CLIMATE RECORD PERIOD 1888 TO 2015


WEATHER ITEM   OBSERVED TIME   RECORD YEAR NORMAL DEPARTURE LAST
                VALUE   (LST)  VALUE       VALUE  FROM      YEAR
                                                  NORMAL
..................................................................
TEMPERATURE (F)
 TODAY
  MAXIMUM         55    359 PM  84    1927  67    -12       51
  MINIMUM         40    833 AM  19    1944  40      0       36
  AVERAGE         48                        53     -5       44

PRECIPITATION (IN)
  TODAY            0.06          1.56 1952   0.01   0.05     0.31
  MONTH TO DATE    0.35                      0.39  -0.04     0.31
  SINCE OCT 1      3.27                      5.56  -2.29     2.42
  SINCE JAN 1      1.85                      3.20  -1.35     1.46

SNOWFALL (IN)
  TODAY            0.0           0.8  1971   0.0    0.0      0.0
                                      1955
  MONTH TO DATE    T                         0.4   -0.4       T
  SINCE MAR 1      T                         2.4   -2.4       T
  SINCE JUL 1      2.7                      21.4  -18.7      6.2
  SNOW DEPTH       0

DEGREE DAYS
 HEATING
  TODAY           17                        12      5       21
  MONTH TO DATE  346                       371    -25      254
  SINCE MAR 1    740                       969   -229      764
  SINCE JUL 1   3605                      4607  -1002     4348

 COOLING
  TODAY            0                         0      0        0
  MONTH TO DATE    0                         0      0        0
  SINCE MAR 1      0                         0      0        0
  SINCE JAN 1      0                         0      0        0
..................................................................


WIND (MPH)
  RESULTANT WIND SPEED   7   RESULTANT WIND DIRECTION   N (340)
  HIGHEST WIND SPEED    22   HIGHEST WIND DIRECTION     N (350)
  HIGHEST GUST SPEED    29   HIGHEST GUST DIRECTION    NW (300)
  AVERAGE WIND SPEED    10.5



WEATHER CONDITIONS
 THE FOLLOWING WEATHER WAS RECORDED TODAY.
  LIGHT RAIN
  HAZE


RELATIVE HUMIDITY (PERCENT)
 HIGHEST    86           400 AM
 LOWEST     32           300 PM
 AVERAGE    59

..........................................................


THE RENO TAHOE AIRPORT NV CLIMATE NORMALS FOR TOMORROW
                         NORMAL    RECORD    YEAR
 MAXIMUM TEMPERATURE (F)   67        87      1987
 MINIMUM TEMPERATURE (F)   40        21      1985


SUNRISE AND SUNSET
APRIL 25 2015.........SUNRISE   608 AM PDT   SUNSET   747 PM PDT
APRIL 26 2015.........SUNRISE   607 AM PDT   SUNSET   748 PM PDT


-  INDICATES NEGATIVE NUMBERS.
R  INDICATES RECORD WAS SET OR TIED.
MM INDICATES DATA IS MISSING.
T  INDICATES TRACE AMOUNT.




$$
