000
CDUS45 KABQ 010834
CLIROW


CLIMATE REPORT
NATIONAL WEATHER SERVICE ALBUQUERQUE NM
234 AM MDT WED APR 1 2015


...................................

...THE ROSWELL NM CLIMATE SUMMARY FOR MARCH 31 2015...

CLIMATE NORMAL PERIOD 1981 TO 2010
CLIMATE RECORD PERIOD 1893 TO 2015


WEATHER ITEM   OBSERVED TIME   RECORD YEAR NORMAL DEPARTURE
                VALUE   (LST)  VALUE       VALUE  FROM
                                                  NORMAL
...............................................................
TEMPERATURE (F)
 YESTERDAY
  MAXIMUM         82    421 PM  92    2012  73      9
  MINIMUM         44    533 AM  21    1972  40      4
  AVERAGE         63                        56      7

PRECIPITATION (IN)
  YESTERDAY        0.00          0.54 1905   0.02  -0.02
  MONTH TO DATE    0.29                      0.51  -0.22
  SINCE MAR 1      0.29                      0.51  -0.22
  SINCE JAN 1      2.20                      1.31   0.89

SNOWFALL (IN)
  YESTERDAY        0.0
  MONTH TO DATE    T
  SINCE MAR 1      T
  SINCE JUL 1     16.2

DEGREE DAYS
 HEATING
  YESTERDAY        2                         9     -7
  MONTH TO DATE  358                       388    -30
  SINCE MAR 1    358                       387    -29
  SINCE JUL 1   3075                      3094    -19

 COOLING
  YESTERDAY        0                         0      0
  MONTH TO DATE    3                         3      0
  SINCE MAR 1      3                         3      0
  SINCE JAN 1      3                         3      0
...............................................................


WIND (MPH)
  HIGHEST WIND SPEED    23   HIGHEST WIND DIRECTION    SW (220)
  HIGHEST GUST SPEED    27   HIGHEST GUST DIRECTION    SW (220)
  AVERAGE WIND SPEED     8.0


SKY COVER
  AVERAGE SKY COVER 0.0


WEATHER CONDITIONS
 THE FOLLOWING WEATHER WAS RECORDED YESTERDAY.
  NO SIGNIFICANT WEATHER WAS OBSERVED.


RELATIVE HUMIDITY (PERCENT)
 HIGHEST    86           400 AM
 LOWEST     15           400 PM
 AVERAGE    51

..........................................................


THE ROSWELL NM CLIMATE NORMALS FOR TODAY
                         NORMAL    RECORD    YEAR
 MAXIMUM TEMPERATURE (F)   73        92      2012
 MINIMUM TEMPERATURE (F)   40        22      1896


SUNRISE AND SUNSET
APRIL  1 2015.........SUNRISE   646 AM MDT   SUNSET   718 PM MDT
APRIL  2 2015.........SUNRISE   645 AM MDT   SUNSET   719 PM MDT


-  INDICATES NEGATIVE NUMBERS.
R  INDICATES RECORD WAS SET OR TIED.
MM INDICATES DATA IS MISSING.
T  INDICATES TRACE AMOUNT.




$$
