000
CDUS45 KCYS 012141
CLIRWL


CLIMATE REPORT
NATIONAL WEATHER SERVICE CHEYENNE WY
340 PM MDT WED APR 1 2015


...................................

...THE RAWLINS WY AIRPORT CLIMATE SUMMARY FOR APRIL 1 2015...
VALID AS OF 0300 PM LOCAL TIME.

CLIMATE NORMAL PERIOD 1981 TO 2010
CLIMATE RECORD PERIOD 1951 TO 2015


WEATHER ITEM   OBSERVED TIME   RECORD YEAR NORMAL DEPARTURE LAST
                VALUE   (LST)  VALUE       VALUE  FROM      YEAR
                                                  NORMAL
..................................................................
TEMPERATURE (F)
 TODAY
  MAXIMUM         53   1245 AM  70    2012  49      4       46
  MINIMUM         40    552 AM -11    1970  24     16       22
  AVERAGE         47                        36     11       34

PRECIPITATION (IN)
  TODAY            0.00          0.29 2014   0.03  -0.03     0.29
  MONTH TO DATE    0.00                      0.03  -0.03     0.29
  SINCE JAN 1      0.89                      1.49  -0.60     1.34

DEGREE DAYS
 HEATING
  TODAY           18                        29    -11       31
  MONTH TO DATE   18                        29    -11       31
  SINCE MAR 1    846                      1044   -198      972
  SINCE JUL 1   6077                      7001   -924     6736

 COOLING
  TODAY            0                         0      0        0
  MONTH TO DATE    0                         0      0        0
  SINCE MAR 1      0                         0      0        0
  SINCE JAN 1      0                         0      0        0
..................................................................


WIND (MPH)
  HIGHEST WIND SPEED    33   HIGHEST WIND DIRECTION     W (280)
  HIGHEST GUST SPEED    44   HIGHEST GUST DIRECTION     W (260)
  AVERAGE WIND SPEED    19.6


SKY COVER
  AVERAGE SKY COVER 0.2


WEATHER CONDITIONS
 THE FOLLOWING WEATHER WAS RECORDED TODAY.
  NO SIGNIFICANT WEATHER WAS OBSERVED.


RELATIVE HUMIDITY (PERCENT)
 HIGHEST    55           700 AM
 LOWEST     11           100 PM
 AVERAGE    33

..........................................................


THE RAWLINS WY AIRPORT CLIMATE NORMALS FOR TOMORROW
                         NORMAL    RECORD    YEAR
 MAXIMUM TEMPERATURE (F)   49        67      2011
 MINIMUM TEMPERATURE (F)   24        -6      1975


SUNRISE AND SUNSET
APRIL  1 2015.........SUNRISE   652 AM MDT   SUNSET   734 PM MDT
APRIL  2 2015.........SUNRISE   650 AM MDT   SUNSET   735 PM MDT


-  INDICATES NEGATIVE NUMBERS.
R  INDICATES RECORD WAS SET OR TIED.
MM INDICATES DATA IS MISSING.
T  INDICATES TRACE AMOUNT.




$$
