000
CDUS44 KEWX 242258
CLISAT


CLIMATE REPORT
NATIONAL WEATHER SERVICE AUSTIN/SAN ANTONIO, TX
557 PM CDT FRI APR 24 2015


...................................

...THE SAN ANTONIO CLIMATE SUMMARY FOR APRIL 24 2015...
VALID TODAY AS OF 557 PM LOCAL TIME.

CLIMATE NORMAL PERIOD 1981 TO 2010
CLIMATE RECORD PERIOD 1886 TO 2015


WEATHER ITEM   OBSERVED TIME   RECORD YEAR NORMAL DEPARTURE LAST
                VALUE   (LST)  VALUE       VALUE  FROM      YEAR
                                                  NORMAL
..................................................................
TEMPERATURE (F)
 TODAY
  MAXIMUM         83    452 PM  99    1894  82      1       89
  MINIMUM         69    546 AM  41    1995  61      8       67
  AVERAGE         76                        71      5       78

PRECIPITATION (IN)
  TODAY            2.38          2.69 1905   0.09   2.29     0.00
  MONTH TO DATE    5.17                      1.58   3.59     0.68
  SINCE MAR 1      8.14                      3.89   4.25     1.74
  SINCE JAN 1     12.34                      7.44   4.90     2.39

SNOWFALL (IN)
  TODAY            0.0
  MONTH TO DATE    0.0
  SINCE MAR 1      0.0
  SINCE JUL 1      T
  SNOW DEPTH       0

DEGREE DAYS
 HEATING
  TODAY            0                         0      0        0
  MONTH TO DATE    1                        38    -37       40
  SINCE MAR 1    173                       192    -19      228
  SINCE JUL 1   1488                      1493     -5     1562

 COOLING
  TODAY           11                         7      4       13
  MONTH TO DATE  177                       123     54      153
  SINCE MAR 1    233                       188     45      214
  SINCE JAN 1    246                       214     32      279
..................................................................


WIND (MPH)
  HIGHEST WIND SPEED    15   HIGHEST WIND DIRECTION    SE (140)
  HIGHEST GUST SPEED    18   HIGHEST GUST DIRECTION    SE (140)
  AVERAGE WIND SPEED    10.2


SKY COVER
  AVERAGE SKY COVER 1.0


WEATHER CONDITIONS
 THE FOLLOWING WEATHER WAS RECORDED TODAY.
  THUNDERSTORM
  HEAVY RAIN
  RAIN
  LIGHT RAIN
  FOG
  HAZE


RELATIVE HUMIDITY (PERCENT)
 HIGHEST    90           500 AM
 LOWEST     69           400 PM
 AVERAGE    80

..........................................................


THE SAN ANTONIO CLIMATE NORMALS FOR TOMORROW
                         NORMAL    RECORD    YEAR
 MAXIMUM TEMPERATURE (F)   83        98      1996
 MINIMUM TEMPERATURE (F)   61        41      1968


SUNRISE AND SUNSET
APRIL 24 2015.........SUNRISE   658 AM CDT   SUNSET   806 PM CDT
APRIL 25 2015.........SUNRISE   657 AM CDT   SUNSET   807 PM CDT


-  INDICATES NEGATIVE NUMBERS.
R  INDICATES RECORD WAS SET OR TIED.
MM INDICATES DATA IS MISSING.
T  INDICATES TRACE AMOUNT.




$$
