000
CDUS42 KCHS 280523
CLISAV


CLIMATE REPORT
NATIONAL WEATHER SERVICE CHARLESTON SC
123 AM EDT TUE APR 28 2015


...................................

...THE SAVANNAH GA CLIMATE SUMMARY FOR APRIL 27 2015...

CLIMATE NORMAL PERIOD 1981 TO 2010
CLIMATE RECORD PERIOD 1871 TO 2015


WEATHER ITEM   OBSERVED TIME   RECORD YEAR NORMAL DEPARTURE LAST
                VALUE   (LST)  VALUE       VALUE  FROM      YEAR
                                                  NORMAL
..................................................................
TEMPERATURE (F)
 YESTERDAY
  MAXIMUM         75    234 PM  95    1986  80     -5       87
  MINIMUM         58    743 AM  42    2001  56      2       59
  AVERAGE         67                        68     -1       73

PRECIPITATION (IN)
  YESTERDAY        0.00          1.50 1879   0.09  -0.09     0.00
  MONTH TO DATE    5.38                      2.81   2.57     5.46
  SINCE MAR 1      7.40                      6.54   0.86     8.11
  SINCE JAN 1     14.96                     13.02   1.94    12.22

SNOWFALL (IN)
  YESTERDAY        0.0                       0.0    0.0
  SINCE MAR 1      0.0                       T      0.0
  SINCE JUL 1      0.0                       0.3   -0.3

DEGREE DAYS
 HEATING
  YESTERDAY        0                         1     -1        0
  MONTH TO DATE    7                        73    -66       37
  SINCE MAR 1    151                       283   -132      301
  SINCE JUL 1   1686                      1800   -114     1682

 COOLING
  YESTERDAY        2                         4     -2        8
  MONTH TO DATE  178                        79     99       96
  SINCE MAR 1    236                       111    125      108
  SINCE JAN 1    241                       121    120      126
..................................................................


WIND (MPH)
  HIGHEST WIND SPEED    16   HIGHEST WIND DIRECTION    NE (30)
  HIGHEST GUST SPEED    22   HIGHEST GUST DIRECTION    NW (300)
  AVERAGE WIND SPEED     6.9


SKY COVER
  POSSIBLE SUNSHINE  MM
  AVERAGE SKY COVER 0.9


WEATHER CONDITIONS
 THE FOLLOWING WEATHER WAS RECORDED YESTERDAY.
  NO SIGNIFICANT WEATHER WAS OBSERVED.


RELATIVE HUMIDITY (PERCENT)
 HIGHEST    90           400 AM
 LOWEST     43           100 PM
 AVERAGE    67

..........................................................


THE SAVANNAH GA CLIMATE NORMALS FOR TODAY
                         NORMAL    RECORD    YEAR
 MAXIMUM TEMPERATURE (F)   81        93      1942
 MINIMUM TEMPERATURE (F)   57        42      1898


SUNRISE AND SUNSET
APRIL 28 2015.........SUNRISE   642 AM EDT   SUNSET   803 PM EDT
APRIL 29 2015.........SUNRISE   641 AM EDT   SUNSET   804 PM EDT


-  INDICATES NEGATIVE NUMBERS.
R  INDICATES RECORD WAS SET OR TIED.
MM INDICATES DATA IS MISSING.
T  INDICATES TRACE AMOUNT.




$$
