000
CDUS46 KLOX 180903
CLISDB


CLIMATE REPORT
NATIONAL WEATHER SERVICE LOS ANGELES/OXNARD CA
203 AM PDT SAT APR 18 2015


...................................

...THE SANDBERG CA CLIMATE SUMMARY FOR APRIL 17 2015...

CLIMATE NORMAL PERIOD 1981 TO 2010
CLIMATE RECORD PERIOD 1934 TO 2015


WEATHER ITEM   OBSERVED TIME   RECORD YEAR NORMAL DEPARTURE LAST
                VALUE   (LST)  VALUE       VALUE  FROM      YEAR
                                                  NORMAL
..................................................................
TEMPERATURE (F)
 YESTERDAY
  MAXIMUM         75    129 PM  81    1994  59     16       76
  MINIMUM         50    200 AM  25    1963  42      8       49
  AVERAGE         63                        50     13       63

PRECIPITATION (IN)
  YESTERDAY        0.00          1.37 2000   0.02  -0.02     0.00
  MONTH TO DATE    0.05                      0.42  -0.37     0.11
  SINCE OCT 1      6.86                     11.43  -4.57     4.03
  SINCE JAN 1      1.96                      7.80  -5.84     3.33

DEGREE DAYS
 HEATING
  YESTERDAY        2                        15    -13        2
  MONTH TO DATE  189                       274    -85      135
  SINCE MAR 1    412                       844   -432      477
  SINCE JUL 1   2043                      3603  -1560     2262

 COOLING
  YESTERDAY        0                         0      0        0
  MONTH TO DATE    0                         0      0       19
  SINCE MAR 1     32                         1     31       22
  SINCE JAN 1     35                         1     34       29
..................................................................


WIND (MPH)
  HIGHEST WIND SPEED    24   HIGHEST WIND DIRECTION     N (340)
  HIGHEST GUST SPEED    29   HIGHEST GUST DIRECTION     N (340)
  AVERAGE WIND SPEED    11.0


SKY COVER
  POSSIBLE SUNSHINE  MM
  AVERAGE SKY COVER 0.0


WEATHER CONDITIONS
 THE FOLLOWING WEATHER WAS RECORDED YESTERDAY.
  NO SIGNIFICANT WEATHER WAS OBSERVED.


RELATIVE HUMIDITY (PERCENT)
 HIGHEST    30           500 AM
 LOWEST      9          1200 PM
 AVERAGE    20

..........................................................


THE SANDBERG CA CLIMATE NORMALS FOR TODAY
                         NORMAL    RECORD    YEAR
 MAXIMUM TEMPERATURE (F)   59        83      1989
 MINIMUM TEMPERATURE (F)   42        26      1971


SUNRISE AND SUNSET
APRIL 18 2015.........SUNRISE   620 AM PDT   SUNSET   729 PM PDT
APRIL 19 2015.........SUNRISE   618 AM PDT   SUNSET   730 PM PDT


-  INDICATES NEGATIVE NUMBERS.
R  INDICATES RECORD WAS SET OR TIED.
MM INDICATES DATA IS MISSING.
T  INDICATES TRACE AMOUNT.




$$
