000
CDUS41 KBTV 260552
CLISLK


CLIMATE REPORT
NATIONAL WEATHER SERVICE BURLINGTON VT
139 AM EDT SUN APR 26 2015


...................................

...THE SARANAC LAKE NY CLIMATE SUMMARY FOR APRIL 25 2015...

CLIMATE NORMAL PERIOD 1981 TO 2010
CLIMATE RECORD PERIOD 9999 TO 9999


WEATHER ITEM   OBSERVED TIME   NORMAL DEPARTURE LAST
                VALUE   (LST)  VALUE  FROM      YEAR
                                      NORMAL
......................................................
TEMPERATURE (F)
 YESTERDAY
  MAXIMUM         45    412 PM  55    -10       58
  MINIMUM         25    528 AM  29     -4       16
  AVERAGE         35            42     -7       37

PRECIPITATION (IN)
  YESTERDAY        0.00          0.10  -0.10     0.02
  MONTH TO DATE    2.44          2.36   0.08     2.39
  SINCE MAR 1      3.31          4.64  -1.33     4.02
  SINCE JAN 1      4.18          8.38  -4.20     6.64

DEGREE DAYS
 HEATING
  YESTERDAY       30            23      7       28
  MONTH TO DATE  699           702     -3      692
  SINCE MAR 1   2107          1959    148     2244
  SINCE JUL 1   8890          8664    226     9228

 COOLING
  YESTERDAY        0             0      0        0
  MONTH TO DATE    0             0      0        0
  SINCE MAR 1      0             0      0        0
  SINCE JAN 1      0             0      0        0
......................................................


WIND (MPH)
  HIGHEST WIND SPEED    14   HIGHEST WIND DIRECTION     W (260)
  HIGHEST GUST SPEED    19   HIGHEST GUST DIRECTION    NW (300)
  AVERAGE WIND SPEED     5.3


SKY COVER
  AVERAGE SKY COVER 0.9


WEATHER CONDITIONS
 THE FOLLOWING WEATHER WAS RECORDED YESTERDAY.
  NO SIGNIFICANT WEATHER WAS OBSERVED.


RELATIVE HUMIDITY (PERCENT)
 HIGHEST    76           900 PM
 LOWEST     49           400 PM
 AVERAGE    63

..........................................................


THE SARANAC LAKE NY CLIMATE NORMALS FOR TODAY
                         NORMAL    RECORD    YEAR
 MAXIMUM TEMPERATURE (F)   56        65      2010
 MINIMUM TEMPERATURE (F)   30        19      2006


SUNRISE AND SUNSET
APRIL 26 2015.........SUNRISE   556 AM EDT   SUNSET   755 PM EDT
APRIL 27 2015.........SUNRISE   554 AM EDT   SUNSET   756 PM EDT


-  INDICATES NEGATIVE NUMBERS.
R  INDICATES RECORD WAS SET OR TIED.
MM INDICATES DATA IS MISSING.
T  INDICATES TRACE AMOUNT.




$$
