000
CDUS46 KLOX 190903
CLISMX


CLIMATE REPORT
NATIONAL WEATHER SERVICE LOS ANGELES/OXNARD CA
202 AM PDT SUN APR 19 2015


...................................

...THE SANTA MARIA AIRPORT CA CLIMATE SUMMARY FOR APRIL 18 2015...

CLIMATE NORMAL PERIOD 1981 TO 2010
CLIMATE RECORD PERIOD 1906 TO 2015


WEATHER ITEM   OBSERVED TIME   RECORD YEAR NORMAL DEPARTURE LAST
                VALUE   (LST)  VALUE       VALUE  FROM      YEAR
                                                  NORMAL
..................................................................
TEMPERATURE (F)
 YESTERDAY
  MAXIMUM         68    151 PM  92    1938  67      1       68
  MINIMUM         46    331 AM  31    1979  44      2       54
  AVERAGE         57                        56      1       61

PRECIPITATION (IN)
  YESTERDAY        0.00          0.54 1967   0.02  -0.02     0.00
  MONTH TO DATE    0.60                      0.69  -0.09     0.72
  SINCE OCT 1      7.30                     13.12  -5.82     4.37
  SINCE JAN 1      1.74                      9.07  -7.33     3.88

SNOWFALL (IN)
  YESTERDAY        0.0
  MONTH TO DATE    0.0
  SINCE MAR 1      0.0
  SINCE JUL 1      0.0

DEGREE DAYS
 HEATING
  YESTERDAY        8                         9     -1
  MONTH TO DATE  115                       178    -63
  SINCE MAR 1    248                       518   -270
  SINCE JUL 1    935                      2351  -1416

 COOLING
  YESTERDAY        0                         0      0
  MONTH TO DATE    0                         0      0
  SINCE MAR 1     27                         1     26
  SINCE JAN 1     27                         2     25
..................................................................


WIND (MPH)
  HIGHEST WIND SPEED    14   HIGHEST WIND DIRECTION    NW (310)
  HIGHEST GUST SPEED    MM   HIGHEST GUST DIRECTION    MM
  AVERAGE WIND SPEED     5.2


SKY COVER
  POSSIBLE SUNSHINE  MM
  AVERAGE SKY COVER 0.4


WEATHER CONDITIONS
 THE FOLLOWING WEATHER WAS RECORDED YESTERDAY.
  FOG
  FOG W/VISIBILITY <= 1/4 MILE
  HAZE


RELATIVE HUMIDITY (PERCENT)
 HIGHEST   100           600 AM
 LOWEST     49           200 PM
 AVERAGE    75

..........................................................


THE SANTA MARIA AIRPORT CA CLIMATE NORMALS FOR TODAY
                         NORMAL    RECORD    YEAR
 MAXIMUM TEMPERATURE (F)   68        94      2009
 MINIMUM TEMPERATURE (F)   44        33      1987


SUNRISE AND SUNSET
APRIL 19 2015.........SUNRISE   625 AM PDT   SUNSET   737 PM PDT
APRIL 20 2015.........SUNRISE   624 AM PDT   SUNSET   738 PM PDT


-  INDICATES NEGATIVE NUMBERS.
R  INDICATES RECORD WAS SET OR TIED.
MM INDICATES DATA IS MISSING.
T  INDICATES TRACE AMOUNT.




$$
