000
CDAK48 PASN 062334
CLISNP

CLIMATE REPORT
NATIONAL WEATHER SERVICE ST PAUL, AK
334 PM AKDT WED MAY 6 2015

...................................
...THE ST PAUL AIRPORT CLIMATE SUMMARY FOR MAY 6 2015...
VALID TODAY AS OF 2:00 PM LOCAL TIME

CLIMATE NORMAL PERIOD  1981 TO  2010
CLIMATE RECORD PERIOD  1892 TO  2015

WEATHER ITEM   OBSERVED TIME    RECORD YEAR NORMAL DEPARTURE LAST
               VALUE    (LST)   VALUE       VALUE  FROM      YEAR
                                                   NORMAL
...................................................................
TEMPERATURE
TODAY
 MAXIMUM            47  1257 PM    45  1996     38       9     42
 MINIMUM            33  1212 AM    12  1971     30       3     28
 AVERAGE            40                          34       6     35

PRECIPITATION
(INCHES)
 TODAY            0.00           0.35  1962   0.04   -0.04      T
 MONTH TO DATE    0.38                        0.22    0.16   0.12
 SINCE MAR 1      2.31                        2.37   -0.06   2.22
 SINCE JAN 1      4.63                        5.25   -0.62   6.55

SNOWFALL
(INCHES)
 TODAY             0.0            1.1  1957    0.0     0.0    0.0
 MONTH TO DATE       T                         0.4    -0.4      T
 SINCE MAR 1      18.6                        14.1     4.5    9.4
 SINCE JUL 1      48.3                        59.1   -10.8   43.7
 SNOW DEPTH (IN)     0                                          0

DEGREE DAYS
 HEATING
  TODAY             25                          31      -6     30
  MONTH TO DATE    167                         188     -21    175
  SINCE MAR 1     2396                        2496    -100   2347
  SINCE JUL 1     8353                        9415   -1062   8793

 COOLING
  TODAY              0                           0       0      0
  MONTH TO DATE      0                           0       0      0
  SINCE MAR 1        0                           0       0      0
  SINCE JAN 1        0                           0       0      0
...................................................................

WIND (MPH)
 HIGHEST WIND SPEED    10     HIGHEST WIND DIRECTION    360
 HIGHEST GUST SPEED    13     HIGHEST GUST DIRECTION     40
 AVERAGE WIND SPEED    MM

SKY COVER
  POSSIBLE SUNSHINE  MM            AVERAGE SKY COVER MM

WEATHER CONDITIONS
 THE FOLLOWING WEATHER WAS RECORDED TODAY.
  DENSE FOG

RELATIVE HUMIDITY
 HIGHEST RH     MM PERCENT       MM
 LOWEST  RH     MM PERCENT       MM
 AVERAGE RH     MM PERCENT       MM
...................................................................

THE ST PAUL CLIMATE NORMALS FOR TOMORROW
                        NORMAL    RECORD   YEAR
 MAXIMUM TEMPERATURE      38        50     1981
 MINIMUM TEMPERATURE      31        16     1965

SUNRISE AND SUNSET
 MAY 6 2015..........SUNRISE  7:21 AM      SUNSET 11:16 PM
 MAY 7 2015..........SUNRISE  7:19 AM      SUNSET 11:19 PM

-  INDICATES NEGATIVE NUMBERS.
R  INDICATES RECORD HAS BEEN SET OR TIED.
MM INDICATES DATA IS MISSING.
T  INDICATES TRACE OF PRECIPITATION.

&&
-------------------------------------------------------------------

AMOUNT OF DAYLIGHT TODAY  (HOUR:MIN)........15 HOURS 55 MINUTES
GAIN/LOSS SINCE YESTERDAY (HOUR:MIN:SEC)....+0:04:21

$$
HCH MAY 15
