000
CDUS45 KPUB 201054
CLISPD


CLIMATE REPORT
NATIONAL WEATHER SERVICE PUEBLO
454 AM MDT MON APR 20 2015


...................................

...THE SPRINGFIELD CO CLIMATE SUMMARY FOR APRIL 19 2015...

CLIMATE NORMAL PERIOD 1981 TO 2010
CLIMATE RECORD PERIOD 9999 TO 9999


WEATHER ITEM   OBSERVED TIME   NORMAL DEPARTURE LAST
                VALUE   (LST)  VALUE  FROM      YEAR
                                      NORMAL
......................................................
TEMPERATURE (F)
 YESTERDAY
  MAXIMUM         55    318 PM  68    -13       82
  MINIMUM         33    854 PM  37     -4       50
  AVERAGE         44                            66

PRECIPITATION (IN)
  YESTERDAY        0.15          0.04   0.11     0.00
  MONTH TO DATE    0.52          0.79  -0.27     0.60
  SINCE MAR 1      0.90          1.92  -1.02     0.97
  SINCE JAN 1      2.74          2.73   0.01     1.30

DEGREE DAYS
 HEATING
  YESTERDAY       21            13      8        0
  MONTH TO DATE  246           288    -42      312
  SINCE MAR 1    853           975   -122     1024
  SINCE JUL 1   4757          4981   -224     5021

 COOLING
  YESTERDAY        0             0      0        1
  MONTH TO DATE    0             0      0        4
  SINCE MAR 1      0             0      0        4
  SINCE JAN 1      0             0      0        4
......................................................


WIND (MPH)
  HIGHEST WIND SPEED    46   HIGHEST WIND DIRECTION     N (350)
  HIGHEST GUST SPEED    56   HIGHEST GUST DIRECTION     N (10)
  AVERAGE WIND SPEED    21.9


SKY COVER
  POSSIBLE SUNSHINE  MM



RELATIVE HUMIDITY (PERCENT)
 HIGHEST   100           200 AM
 LOWEST     38           200 PM
 AVERAGE    69

..........................................................


THE SPRINGFIELD CO CLIMATE NORMALS FOR TODAY
                         NORMAL    RECORD    YEAR
 MAXIMUM TEMPERATURE (F)   68        MM        MM
 MINIMUM TEMPERATURE (F)   38        MM        MM


SUNRISE AND SUNSET
APRIL 20 2015.........SUNRISE   609 AM MDT   SUNSET   730 PM MDT
APRIL 21 2015.........SUNRISE   608 AM MDT   SUNSET   731 PM MDT


-  INDICATES NEGATIVE NUMBERS.
R  INDICATES RECORD WAS SET OR TIED.
MM INDICATES DATA IS MISSING.
T  INDICATES TRACE AMOUNT.




$$
