000
CDUS43 KILX 042129
CLISPI


CLIMATE REPORT
NATIONAL WEATHER SERVICE LINCOLN IL
429 PM CDT MON MAY 4 2015


...................................

...THE SPRINGFIELD IL CLIMATE SUMMARY FOR MAY 4 2015...
VALID TODAY AS OF 0400 PM LOCAL TIME.

CLIMATE NORMAL PERIOD 1981 TO 2010
CLIMATE RECORD PERIOD 1879 TO 2015


WEATHER ITEM   OBSERVED TIME   RECORD YEAR NORMAL DEPARTURE LAST
                VALUE   (LST)  VALUE       VALUE  FROM      YEAR
                                                  NORMAL
..................................................................
TEMPERATURE (F)
 TODAY
  MAXIMUM         84    229 PM  90    1952  71     13       74
  MINIMUM         64    727 AM  30    2005  49     15       45
                                      1954
  AVERAGE         74                        60     14       60

PRECIPITATION (IN)
  TODAY            0.03          1.41 1977   0.14  -0.11     0.00
  MONTH TO DATE    0.03                      0.53  -0.50     0.01
  SINCE MAR 1      3.71                      6.67  -2.96     6.11
  SINCE JAN 1      6.99                     10.30  -3.31    11.54

SNOWFALL (IN)
  TODAY            0.0           T    1951   0.0    0.0      0.0
  MONTH TO DATE    0.0                       0.0    0.0      0.0
  SINCE MAR 1      3.7                       2.8    0.9      3.4
  SINCE JUL 1     33.9                      20.9   13.0     45.7
  SNOW DEPTH       0

DEGREE DAYS
 HEATING
  TODAY            0                         6     -6        5
  MONTH TO DATE   13                        27    -14       37
  SINCE MAR 1   1028                      1101    -73     1181
  SINCE JUL 1   5597                      5372    225     6128

 COOLING
  TODAY            9                         1      8        0
  MONTH TO DATE   16                         4     12        0
  SINCE MAR 1     26                        24      2       10
  SINCE JAN 1     26                        24      2       10
..................................................................


WIND (MPH)
  HIGHEST WIND SPEED    16   HIGHEST WIND DIRECTION     W (250)
  HIGHEST GUST SPEED    22   HIGHEST GUST DIRECTION     S (200)
  AVERAGE WIND SPEED    12.3


SKY COVER
  POSSIBLE SUNSHINE  MM
  AVERAGE SKY COVER 0.6


WEATHER CONDITIONS
 THE FOLLOWING WEATHER WAS RECORDED TODAY.
  THUNDERSTORM
  LIGHT RAIN


RELATIVE HUMIDITY (PERCENT)
 HIGHEST    63           400 AM
 LOWEST     40           200 PM
 AVERAGE    52

..........................................................


THE SPRINGFIELD IL CLIMATE NORMALS FOR TOMORROW
                         NORMAL    RECORD    YEAR
 MAXIMUM TEMPERATURE (F)   72        93      1943
 MINIMUM TEMPERATURE (F)   49        34      1944


SUNRISE AND SUNSET
MAY  4 2015...........SUNRISE   556 AM CDT   SUNSET   756 PM CDT
MAY  5 2015...........SUNRISE   555 AM CDT   SUNSET   757 PM CDT


-  INDICATES NEGATIVE NUMBERS.
R  INDICATES RECORD WAS SET OR TIED.
MM INDICATES DATA IS MISSING.
T  INDICATES TRACE AMOUNT.




$$
