000
CDUS43 KEAX 191234
CLISTJ


CLIMATE REPORT
NATIONAL WEATHER SERVICE KANSAS CITY/PLEASANT HILL MO
733 AM CDT SUN APR 19 2015


...................................

...THE ST. JOSEPH MO CLIMATE SUMMARY FOR APRIL 19 2015...
VALID AS OF 0700 AM LOCAL TIME.

CLIMATE NORMAL PERIOD 1981 TO 2010
CLIMATE RECORD PERIOD 1892 TO 2015


WEATHER ITEM   OBSERVED TIME   RECORD YEAR NORMAL DEPARTURE LAST
                VALUE   (LST)  VALUE       VALUE  FROM      YEAR
                                                  NORMAL
..................................................................
TEMPERATURE (F)
 TODAY
  MAXIMUM         59    351 AM  91    1987  67     -8       80
  MINIMUM         53   1239 AM  20    1976  44      9       44
  AVERAGE         56                        55      1       62

PRECIPITATION (IN)
  TODAY            0.27          2.17 1929   0.13   0.14     0.00
  MONTH TO DATE    2.20                      2.04   0.16     2.04
  SINCE MAR 1      3.53                      4.29  -0.76     2.45
  SINCE JAN 1      5.28                      5.78  -0.50     3.27

DEGREE DAYS
 HEATING
  TODAY            9                        11     -2        3
  MONTH TO DATE  157                       249    -92      306
  SINCE MAR 1    764                       934   -170     1132
  SINCE JUL 1   5288                      5242     46     6072

 COOLING
  TODAY            0                         1     -1        0
  MONTH TO DATE    4                        12     -8        3
  SINCE MAR 1      5                        14     -9        3
  SINCE JAN 1      5                        14     -9        3
..................................................................


WIND (MPH)
  HIGHEST WIND SPEED    13   HIGHEST WIND DIRECTION     W (270)
  HIGHEST GUST SPEED    14   HIGHEST GUST DIRECTION     W (270)
  AVERAGE WIND SPEED     3.1


SKY COVER
  AVERAGE SKY COVER 0.9


WEATHER CONDITIONS
 THE FOLLOWING WEATHER WAS RECORDED TODAY.
  HEAVY RAIN
  RAIN
  LIGHT RAIN
  FOG


RELATIVE HUMIDITY (PERCENT)
 HIGHEST   100          1200 AM
 LOWEST    100          1200 AM
 AVERAGE   100

..........................................................


THE ST. JOSEPH MO CLIMATE NORMALS FOR TOMORROW
                         NORMAL    RECORD    YEAR
 MAXIMUM TEMPERATURE (F)   67        89      1987
 MINIMUM TEMPERATURE (F)   44        24      2013


SUNRISE AND SUNSET
APRIL 19 2015.........SUNRISE   637 AM CDT   SUNSET   802 PM CDT
APRIL 20 2015.........SUNRISE   635 AM CDT   SUNSET   803 PM CDT


-  INDICATES NEGATIVE NUMBERS.
R  INDICATES RECORD WAS SET OR TIED.
MM INDICATES DATA IS MISSING.
T  INDICATES TRACE AMOUNT.




$$
