000
CDUS42 KTAE 250633
CLITLH


CLIMATE REPORT
NATIONAL WEATHER SERVICE TALLAHASSEE FL
233 AM EDT SAT APR 25 2015


...................................

...THE TALLAHASSEE CLIMATE SUMMARY FOR APRIL 24 2015...

CLIMATE NORMAL PERIOD 1981 TO 2010
CLIMATE RECORD PERIOD 1896 TO 2015


WEATHER ITEM   OBSERVED TIME   RECORD YEAR NORMAL DEPARTURE LAST
                VALUE   (LST)  VALUE       VALUE  FROM      YEAR
                                                  NORMAL
..................................................................
TEMPERATURE (F)
 YESTERDAY
  MAXIMUM         89    256 PM  95    1999  82      7       88
  MINIMUM         64    634 AM  33    1986  54     10       60
  AVERAGE         77                        68      9       74

PRECIPITATION (IN)
  YESTERDAY        0.00          1.68 1952   0.08  -0.08     0.00
  MONTH TO DATE    3.97                      2.57   1.40     8.42
  SINCE MAR 1      7.12                      8.51  -1.39    18.65
  SINCE JAN 1     16.31                     17.70  -1.39    26.70

SNOWFALL (IN)
  YESTERDAY        0.0                       0.0    0.0

DEGREE DAYS
 HEATING
  YESTERDAY        0                               -1
  MONTH TO DATE    0                              -61
  SINCE MAR 1     75                             -167
  SINCE JUL 1   1441                             -144

 COOLING
  YESTERDAY       12                                8
  MONTH TO DATE  228                              159
  SINCE MAR 1    348                              239
  SINCE JAN 1    355                              232
..................................................................


WIND (MPH)
  HIGHEST WIND SPEED    10   HIGHEST WIND DIRECTION     E (80)
  HIGHEST GUST SPEED    14   HIGHEST GUST DIRECTION    NE (50)
  AVERAGE WIND SPEED     4.2




RELATIVE HUMIDITY (PERCENT)
 HIGHEST    93
 LOWEST     32
 AVERAGE    63

..........................................................


THE TALLAHASSEE CLIMATE NORMALS FOR TODAY
                         NORMAL    RECORD    YEAR
 MAXIMUM TEMPERATURE (F)   82        90      1935
 MINIMUM TEMPERATURE (F)   55        37      2005
                                             1968


SUNRISE AND SUNSET
APRIL 25 2015.........SUNRISE   700 AM EDT   SUNSET   811 PM EDT
APRIL 26 2015.........SUNRISE   659 AM EDT   SUNSET   812 PM EDT


-  INDICATES NEGATIVE NUMBERS.
R  INDICATES RECORD WAS SET OR TIED.
MM INDICATES DATA IS MISSING.
T  INDICATES TRACE AMOUNT.




$$
