000
CDUS44 KBMX 062111
CLITOI


CLIMATE REPORT
NATIONAL WEATHER SERVICE BIRMINGHAM, AL
411 PM CDT WED MAY 6 2015


...................................

...THE TROY CLIMATE SUMMARY FOR MAY 6 2015...
VALID AS OF 0400 PM LOCAL TIME.

CLIMATE NORMAL PERIOD 1981 TO 2010
CLIMATE RECORD PERIOD 9999 TO 9999


WEATHER ITEM   OBSERVED TIME   RECORD YEAR NORMAL DEPARTURE LAST
                VALUE   (LST)  VALUE       VALUE  FROM      YEAR
                                                  NORMAL
..................................................................
TEMPERATURE (F)
 TODAY
  MAXIMUM         85    226 PM  MM      MM  82      3       86
  MINIMUM         56   1255 AM  MM      MM  55      1       53
  AVERAGE         71                        69      2       70

PRECIPITATION (IN)
  TODAY            0.00                      0.10  -0.10     0.00
  MONTH TO DATE    0.00                      0.54  -0.54      T
  SINCE MAR 1      9.82                     10.56  -0.74    15.66
  SINCE JAN 1     16.73                     19.69  -2.96    24.72

DEGREE DAYS
 COOLING
  TODAY            6                         5      1        5
  MONTH TO DATE   15                        25    -10       15
  SINCE MAR 1    219                        97    122       87
  SINCE JAN 1    221                       102    119       98
..................................................................


WIND (MPH)
  HIGHEST WIND SPEED    13   HIGHEST WIND DIRECTION     N (20)
  HIGHEST GUST SPEED    18   HIGHEST GUST DIRECTION    NE (30)
  AVERAGE WIND SPEED     3.9


SKY COVER
  AVERAGE SKY COVER 0.0


WEATHER CONDITIONS
 THE FOLLOWING WEATHER WAS RECORDED TODAY.
  NO SIGNIFICANT WEATHER WAS OBSERVED.


RELATIVE HUMIDITY (PERCENT)
 HIGHEST    93           100 AM
 LOWEST     40           200 PM
 AVERAGE    67

..........................................................


THE TROY CLIMATE NORMALS FOR TOMORROW
                         NORMAL    RECORD    YEAR
 MAXIMUM TEMPERATURE (F)   82        MM        MM
 MINIMUM TEMPERATURE (F)   56        MM        MM


SUNRISE AND SUNSET
MAY  6 2015...........SUNRISE   554 AM CDT   SUNSET   728 PM CDT
MAY  7 2015...........SUNRISE   553 AM CDT   SUNSET   728 PM CDT


-  INDICATES NEGATIVE NUMBERS.
R  INDICATES RECORD WAS SET OR TIED.
MM INDICATES DATA IS MISSING.
T  INDICATES TRACE AMOUNT.




$$
