000
CDUS45 KCYS 250813
CLITOR


CLIMATE REPORT
NATIONAL WEATHER SERVICE CHEYENNE WY
213 AM MDT SAT APR 25 2015


...................................

...THE TORRINGTON WY AIRPORT CLIMATE SUMMARY FOR APRIL 24 2015...

CLIMATE NORMAL PERIOD 1981 TO 2010
CLIMATE RECORD PERIOD 1998 TO 2015


WEATHER ITEM   OBSERVED TIME   RECORD YEAR NORMAL DEPARTURE LAST
                VALUE   (LST)  VALUE       VALUE  FROM      YEAR
                                                  NORMAL
..................................................................
TEMPERATURE (F)
 YESTERDAY
  MAXIMUM         71   1213 PM  90    2012  64      7       65
  MINIMUM         37    503 AM  21    2013  35      2       30
  AVERAGE         54                        50      4       48

PRECIPITATION (IN)
  YESTERDAY        0.07          0.37 2007   0.07   0.00     0.00
  MONTH TO DATE    2.28                      1.25   1.03     0.53
  SINCE JAN 1      3.19                      2.60   0.59     2.13

DEGREE DAYS
 HEATING
  YESTERDAY       11                        15     -4       17
  MONTH TO DATE  415                       460    -45      435
  SINCE MAR 1   1061                      1300   -239     1286
  SINCE JUL 1   5775                      6144   -369     6401

 COOLING
  YESTERDAY        0                         0      0        0
  MONTH TO DATE    0                         0      0        0
  SINCE MAR 1      0                         0      0        0
  SINCE JAN 1      0                         0      0        0
..................................................................


WIND (MPH)
  HIGHEST WIND SPEED    24   HIGHEST WIND DIRECTION     W (280)
  HIGHEST GUST SPEED    32   HIGHEST GUST DIRECTION     W (290)
  AVERAGE WIND SPEED     7.0


SKY COVER
  AVERAGE SKY COVER 0.2


WEATHER CONDITIONS
 THE FOLLOWING WEATHER WAS RECORDED YESTERDAY.
  THUNDERSTORM
  HEAVY RAIN
  LIGHT RAIN


RELATIVE HUMIDITY (PERCENT)
 HIGHEST    86          1000 PM
 LOWEST     25           300 PM
 AVERAGE    56

..........................................................


THE TORRINGTON WY AIRPORT CLIMATE NORMALS FOR TODAY
                         NORMAL    RECORD    YEAR
 MAXIMUM TEMPERATURE (F)   65        83      2012
 MINIMUM TEMPERATURE (F)   35        20      2002


SUNRISE AND SUNSET
APRIL 25 2015.........SUNRISE   601 AM MDT   SUNSET   749 PM MDT
APRIL 26 2015.........SUNRISE   600 AM MDT   SUNSET   750 PM MDT


-  INDICATES NEGATIVE NUMBERS.
R  INDICATES RECORD WAS SET OR TIED.
MM INDICATES DATA IS MISSING.
T  INDICATES TRACE AMOUNT.




$$
