000
CDUS42 KTBW 182125
CLITPA


CLIMATE REPORT
NATIONAL WEATHER SERVICE TAMPA BAY FL
522 PM EDT SAT APR 18 2015


...................................

...THE TAMPA CLIMATE SUMMARY FOR APRIL 18 2015...
VALID TODAY AS OF 0500 PM LOCAL TIME.

CLIMATE NORMAL PERIOD 1981 TO 2010
CLIMATE RECORD PERIOD 1890 TO 2015


WEATHER ITEM   OBSERVED TIME   RECORD YEAR NORMAL DEPARTURE LAST
                VALUE   (LST)  VALUE       VALUE  FROM      YEAR
                                                  NORMAL
..................................................................
TEMPERATURE (F)
 TODAY
  MAXIMUM         87    143 PM  89    2013  81      6       78
                                      1990
                                      1960
  MINIMUM         75    643 AM  47    1905  63     12       67
  AVERAGE         81                        72      9       73

PRECIPITATION (IN)
  TODAY            0.00          1.82 1899   0.07  -0.07     0.53
  MONTH TO DATE    2.52                      1.31   1.21     0.88
  SINCE MAR 1      3.55                      4.34  -0.79     5.83
  SINCE JAN 1     11.85                      9.38   2.47    10.78

DEGREE DAYS
 HEATING
  TODAY            0                         0      0        0
  MONTH TO DATE    0                         9     -9        0
  SINCE MAR 1     12                        65    -53       48
  SINCE JUL 1    467                       536    -69      444

 COOLING
  TODAY           16                         8      8        8
  MONTH TO DATE  236                       114    122      126
  SINCE MAR 1    502                       240    262      204
  SINCE JAN 1    569                       353    216      308
..................................................................


WIND (MPH)
  RESULTANT WIND SPEED   5   RESULTANT WIND DIRECTION  SW (210)
  HIGHEST WIND SPEED    14   HIGHEST WIND DIRECTION     S (190)
  HIGHEST GUST SPEED    17   HIGHEST GUST DIRECTION     W (280)
  AVERAGE WIND SPEED     7.0


SKY COVER
  POSSIBLE SUNSHINE  MM
  AVERAGE SKY COVER 0.6


WEATHER CONDITIONS
 THE FOLLOWING WEATHER WAS RECORDED TODAY.
  NO SIGNIFICANT WEATHER WAS OBSERVED.


RELATIVE HUMIDITY (PERCENT)
 HIGHEST    94           700 AM
 LOWEST     61          1200 PM

..........................................................


THE TAMPA CLIMATE NORMALS FOR TOMORROW
                         NORMAL    RECORD    YEAR
 MAXIMUM TEMPERATURE (F)   82        90      2011
                                             1967
 MINIMUM TEMPERATURE (F)   64        48      2001


SUNRISE AND SUNSET
APRIL 18 2015.........SUNRISE   702 AM EDT   SUNSET   757 PM EDT
APRIL 19 2015.........SUNRISE   701 AM EDT   SUNSET   757 PM EDT


-  INDICATES NEGATIVE NUMBERS.
R  INDICATES RECORD WAS SET OR TIED.
MM INDICATES DATA IS MISSING.
T  INDICATES TRACE AMOUNT.




$$


&&
------------------------------------------------------------------
******************** SUPPLEMENTAL DATA ***************************

...RUSKIN                HIGH 87    LOW 70    PCPN 0.00
...SARASOTA/BRADENTON    HIGH 85    LOW 69    PCPN 0.00
...ST. PETERSBURG        HIGH 84    LOW 75    PCPN 0.00

...GULF WATER TEMPERATURE AT CLEARWATER BEACH 82
