000
CDUS45 KLKN 030935
CLITPH


CLIMATE REPORT
NATIONAL WEATHER SERVICE ELKO NV
235 AM PDT SUN MAY 3 2015


...................................

...THE TONOPAH AIRPORT NV CLIMATE SUMMARY FOR MAY 2 2015...

CLIMATE NORMAL PERIOD 1981 TO 2010
CLIMATE RECORD PERIOD 1954 TO 2015


WEATHER ITEM   OBSERVED TIME   RECORD YEAR NORMAL DEPARTURE LAST
                VALUE   (LST)  VALUE       VALUE  FROM      YEAR
                                                  NORMAL
..................................................................
TEMPERATURE (F)
 YESTERDAY
  MAXIMUM         79    128 PM  84    1981  70      9       83
  MINIMUM         44    442 AM  25    1964  39      5       45
  AVERAGE         62                        54      8       64

PRECIPITATION (IN)
  YESTERDAY        0.00          0.06 1999   0.02  -0.02     0.00
  MONTH TO DATE    0.00                      0.03  -0.03     0.00
  SINCE OCT 1      1.05                      3.12  -2.07     1.33
  SINCE JAN 1      0.57                      2.03  -1.46     0.87

DEGREE DAYS
 HEATING
  YESTERDAY        3                        11     -8        1
  MONTH TO DATE    3                        22    -19        7
  SINCE MAR 1    889                      1173   -284     1001
  SINCE JUL 1   4011                      5215  -1204     4774

 COOLING
  YESTERDAY        0                         0      0        0
  MONTH TO DATE    0                         0      0        0
  SINCE MAR 1      0                         1     -1        0
  SINCE JAN 1      0                         1     -1        0
..................................................................


WIND (MPH)
  HIGHEST WIND SPEED    29   HIGHEST WIND DIRECTION    SW (210)
  HIGHEST GUST SPEED    35   HIGHEST GUST DIRECTION     S (190)
  AVERAGE WIND SPEED     9.2



WEATHER CONDITIONS
 THE FOLLOWING WEATHER WAS RECORDED YESTERDAY.
  NO SIGNIFICANT WEATHER WAS OBSERVED.


RELATIVE HUMIDITY (PERCENT)
 HIGHEST    31           500 AM
 LOWEST     12          1200 PM
 AVERAGE    22

..........................................................


THE TONOPAH AIRPORT NV CLIMATE NORMALS FOR TODAY
                         NORMAL    RECORD    YEAR
 MAXIMUM TEMPERATURE (F)   70        87      2004
 MINIMUM TEMPERATURE (F)   40        19      1964


SUNRISE AND SUNSET
MAY  3 2015...........SUNRISE   550 AM PDT   SUNSET   741 PM PDT
MAY  4 2015...........SUNRISE   549 AM PDT   SUNSET   742 PM PDT


-  INDICATES NEGATIVE NUMBERS.
R  INDICATES RECORD WAS SET OR TIED.
MM INDICATES DATA IS MISSING.
T  INDICATES TRACE AMOUNT.




$$
