000
CDUS46 KSGX 270019
CLITRM


CLIMATE REPORT
NATIONAL WEATHER SERVICE SAN DIEGO, CA
519 PM PDT SUN APR 26 2015


...................................

...THE THERMAL AIRPORT CA CLIMATE SUMMARY FOR APRIL 26 2015...
VALID TODAY AS OF 0500 PM LOCAL TIME.

CLIMATE NORMAL PERIOD 1981 TO 2010
CLIMATE RECORD PERIOD 1950 TO 2015


WEATHER ITEM   OBSERVED TIME   RECORD YEAR NORMAL DEPARTURE LAST
                VALUE   (LST)  VALUE       VALUE  FROM      YEAR
                                                  NORMAL
..................................................................
TEMPERATURE (F)
 TODAY
  MAXIMUM         88    304 PM 108    1996  90     -2       78
  MINIMUM         62    504 AM  44    1971  56      6       58
  AVERAGE         75                        73      2       68

PRECIPITATION (IN)
  TODAY            0.00          0.06 2012   0.00   0.00      T
  MONTH TO DATE    T                         0.06  -0.06      T
  SINCE OCT 1      0.77                      2.58  -1.81     0.16
  SINCE JAN 1      0.62                      1.77  -1.15     0.08

SNOWFALL (IN)
  TODAY            0.0
  MONTH TO DATE    0.0
  SINCE MAR 1      0.0
  SINCE JUL 1      0.0
  SNOW DEPTH       0

DEGREE DAYS
 HEATING
  TODAY            0                         0      0        0
  MONTH TO DATE    0                        19    -19        9
  SINCE MAR 1     44                       111    -67       32
  SINCE JUL 1    749                      1176   -427      821

 COOLING
  TODAY           10                         8      2        3
  MONTH TO DATE  158                       147     11      218
  SINCE MAR 1    343                       209    134      322
  SINCE JAN 1    365                       221    144      332
..................................................................


WIND (MPH)
  RESULTANT WIND SPEED  11   RESULTANT WIND DIRECTION  NW (310)
  HIGHEST WIND SPEED    21   HIGHEST WIND DIRECTION     N (340)
  HIGHEST GUST SPEED    27   HIGHEST GUST DIRECTION     N (340)
  AVERAGE WIND SPEED    12.2


SKY COVER
  POSSIBLE SUNSHINE  MM
  AVERAGE SKY COVER 0.0


WEATHER CONDITIONS
 THE FOLLOWING WEATHER WAS RECORDED TODAY.
  NO SIGNIFICANT WEATHER WAS OBSERVED.


RELATIVE HUMIDITY (PERCENT)
 HIGHEST    48           400 AM
 LOWEST     12           300 PM
 AVERAGE    30

..........................................................


THE THERMAL AIRPORT CA CLIMATE NORMALS FOR TOMORROW
                         NORMAL    RECORD    YEAR
 MAXIMUM TEMPERATURE (F)   90       106      1996
 MINIMUM TEMPERATURE (F)   57        44      1994


SUNRISE AND SUNSET
APRIL 26 2015.........SUNRISE   602 AM PDT   SUNSET   724 PM PDT
APRIL 27 2015.........SUNRISE   600 AM PDT   SUNSET   725 PM PDT


-  INDICATES NEGATIVE NUMBERS.
R  INDICATES RECORD WAS SET OR TIED.
MM INDICATES DATA IS MISSING.
T  INDICATES TRACE AMOUNT.




$$
