000
CDUS41 KPHI 210631
CLITTN


CLIMATE REPORT
NATIONAL WEATHER SERVICE MOUNT HOLLY NJ
229 AM EDT TUE APR 21 2015


...................................

...THE TRENTON NJ CLIMATE SUMMARY FOR APRIL 20 2015...

CLIMATE NORMAL PERIOD 1981 TO 2010
CLIMATE RECORD PERIOD 1865 TO 2015


WEATHER ITEM   OBSERVED TIME   RECORD YEAR NORMAL DEPARTURE LAST
                VALUE   (LST)  VALUE       VALUE  FROM      YEAR
                                                  NORMAL
..................................................................
TEMPERATURE (F)
 YESTERDAY
  MAXIMUM         71    329 PM  91    1941  63      8       57
  MINIMUM         46   1239 AM  27    1926  42      4       38
  AVERAGE         59                        53      6       48

PRECIPITATION (IN)
  YESTERDAY        1.65          1.70 1911   0.12   1.53     0.00
  MONTH TO DATE    1.99                      2.54  -0.55     1.40
  SINCE MAR 1      6.33                      6.68  -0.35     4.73
  SINCE JAN 1     12.92                     12.15   0.77    12.39

SNOWFALL (IN)
  YESTERDAY       MM            MM      MM  MM     MM       MM
  MONTH TO DATE   MM                        MM     MM       MM
  SINCE MAR 1     MM                        MM     MM       MM
  SINCE JUL 1     MM                        MM     MM       MM
  SNOW DEPTH      MM

DEGREE DAYS
 HEATING
  YESTERDAY        6                        13     -7       17
  MONTH TO DATE  226                       311    -85      284
  SINCE MAR 1   1104                      1043     61     1157
  SINCE JUL 1   5187                      4857    330     5243

 COOLING
  YESTERDAY        0                         0      0        0
  MONTH TO DATE    0                         0      0        6
  SINCE MAR 1      0                         0      0        6
  SINCE JAN 1      0                         0      0        6
..................................................................


WIND (MPH)
  HIGHEST WIND SPEED    23   HIGHEST WIND DIRECTION     E (100)
  HIGHEST GUST SPEED    29   HIGHEST GUST DIRECTION     E (80)
  AVERAGE WIND SPEED     9.2


SKY COVER
  POSSIBLE SUNSHINE  MM
  AVERAGE SKY COVER 0.8


WEATHER CONDITIONS
 THE FOLLOWING WEATHER WAS RECORDED YESTERDAY.
  HEAVY RAIN
  RAIN
  LIGHT RAIN
  FOG
  HAZE


RELATIVE HUMIDITY (PERCENT)
 HIGHEST    93           800 AM
 LOWEST     68           300 PM
 AVERAGE    81

..........................................................


THE TRENTON NJ CLIMATE NORMALS FOR TODAY
                         NORMAL    RECORD    YEAR
 MAXIMUM TEMPERATURE (F)   63        87      1985
 MINIMUM TEMPERATURE (F)   43        28      1875


SUNRISE AND SUNSET
APRIL 21 2015.........SUNRISE   613 AM EDT   SUNSET   744 PM EDT
APRIL 22 2015.........SUNRISE   611 AM EDT   SUNSET   745 PM EDT


-  INDICATES NEGATIVE NUMBERS.
R  INDICATES RECORD WAS SET OR TIED.
MM INDICATES DATA IS MISSING.
T  INDICATES TRACE AMOUNT.




$$
