000
CDUS44 KMEG 070642
CLITUP


CLIMATE REPORT
NATIONAL WEATHER SERVICE MEMPHIS TN
141 AM CDT THU MAY 7 2015


...................................

...THE TUPELO CLIMATE SUMMARY FOR MAY 6 2015...

CLIMATE NORMAL PERIOD 1981 TO 2010
CLIMATE RECORD PERIOD 1930 TO 2015


WEATHER ITEM   OBSERVED TIME   RECORD YEAR NORMAL DEPARTURE LAST
                VALUE   (LST)  VALUE       VALUE  FROM      YEAR
                                                  NORMAL
..................................................................
TEMPERATURE (F)
 YESTERDAY
  MAXIMUM         84    231 PM  92    2007  79      5       85
                                      1952
                                      1940
  MINIMUM         56    529 AM  42    1958  57     -1       56
  AVERAGE         70                        68      2       71

PRECIPITATION (IN)
  YESTERDAY        0.00          2.18 1935   0.19  -0.19     0.00
  MONTH TO DATE    0.00                      1.13  -1.13     0.00
  SINCE MAR 1     14.16                     10.73   3.43     9.68
  SINCE JAN 1     23.32                     20.17   3.15    15.77

SNOWFALL (IN)
  YESTERDAY        0.0          MM      MM   0.0    0.0      0.0
  MONTH TO DATE    0.0                       0.0    0.0      0.0
  SINCE MAR 1      0.1                       0.3   -0.2       T
  SINCE JUL 1      7.4                       2.1    5.3      0.5
  SNOW DEPTH       0

DEGREE DAYS
 HEATING
  YESTERDAY        0                         1     -1        0
  MONTH TO DATE   10                        10      0       15
  SINCE MAR 1    424                       511    -87      620
  SINCE JUL 1   3142                      2942    200     3450

 COOLING
  YESTERDAY        5                         4      1        6
  MONTH TO DATE   19                        23     -4       19
  SINCE MAR 1     95                        97     -2       61
  SINCE JAN 1     95                        99     -4       61
..................................................................


WIND (MPH)
  HIGHEST WIND SPEED    13   HIGHEST WIND DIRECTION    SW (210)
  HIGHEST GUST SPEED    20   HIGHEST GUST DIRECTION    SE (150)
  AVERAGE WIND SPEED     4.5


SKY COVER
  POSSIBLE SUNSHINE  MM
  AVERAGE SKY COVER 0.1


WEATHER CONDITIONS
 THE FOLLOWING WEATHER WAS RECORDED YESTERDAY.
  NO SIGNIFICANT WEATHER WAS OBSERVED.


RELATIVE HUMIDITY (PERCENT)
 HIGHEST    93           300 AM
 LOWEST     33           100 PM
 AVERAGE    63

..........................................................


THE TUPELO CLIMATE NORMALS FOR TODAY
                         NORMAL    RECORD    YEAR
 MAXIMUM TEMPERATURE (F)   80        93      1952
 MINIMUM TEMPERATURE (F)   57        39      1958


SUNRISE AND SUNSET
MAY  7 2015...........SUNRISE   600 AM CDT   SUNSET   744 PM CDT
MAY  8 2015...........SUNRISE   559 AM CDT   SUNSET   745 PM CDT


-  INDICATES NEGATIVE NUMBERS.
R  INDICATES RECORD WAS SET OR TIED.
MM INDICATES DATA IS MISSING.
T  INDICATES TRACE AMOUNT.




$$
