000
CDUS43 KAPX 250538
CLITVC


CLIMATE REPORT
NATIONAL WEATHER SERVICE GAYLORD MI
137 AM EDT SAT APR 25 2015


...................................

...THE TRAVERSE CITY MI CLIMATE SUMMARY FOR APRIL 24 2015...

CLIMATE NORMAL PERIOD 1981 TO 2010
CLIMATE RECORD PERIOD 1896 TO 2015


WEATHER ITEM   OBSERVED TIME   RECORD YEAR NORMAL DEPARTURE LAST
                VALUE   (LST)  VALUE       VALUE  FROM      YEAR
                                                  NORMAL
..................................................................
TEMPERATURE (F)
 YESTERDAY
  MAXIMUM         45    110 PM  85    1990  58    -13       56
  MINIMUM         22R   422 AM  22    1969  35    -13       32
  AVERAGE         34                        46    -12       44

PRECIPITATION (IN)
  YESTERDAY        0.00          0.73 1994   0.09  -0.09      T
  MONTH TO DATE    1.41                      2.25  -0.84     3.13
  SINCE MAR 1      1.93                      4.11  -2.18     4.05
  SINCE JAN 1      2.71                      8.43  -5.72     5.47

DEGREE DAYS
 HEATING
  YESTERDAY       31                        19     12       21
  MONTH TO DATE  519                       559    -40      593
  SINCE MAR 1   1602                      1621    -19     1924
  SINCE JUL 1   7334                      6961    373     7646

 COOLING
  YESTERDAY        0                         0      0        0
  MONTH TO DATE    0                         0      0        0
  SINCE MAR 1      0                         0      0        0
  SINCE JAN 1      0                         0      0        0
..................................................................


WIND (MPH)
  HIGHEST WIND SPEED    13   HIGHEST WIND DIRECTION    NE (40)
  HIGHEST GUST SPEED    17   HIGHEST GUST DIRECTION    NE (60)
  AVERAGE WIND SPEED     4.4




RELATIVE HUMIDITY (PERCENT)
 HIGHEST    92
 LOWEST     31
 AVERAGE    62

..........................................................


THE TRAVERSE CITY MI CLIMATE NORMALS FOR TODAY
                         NORMAL    RECORD    YEAR
 MAXIMUM TEMPERATURE (F)   58        88      1939
 MINIMUM TEMPERATURE (F)   35        20      1967


SUNRISE AND SUNSET
APRIL 25 2015.........SUNRISE   642 AM EDT   SUNSET   840 PM EDT
APRIL 26 2015.........SUNRISE   640 AM EDT   SUNSET   841 PM EDT


-  INDICATES NEGATIVE NUMBERS.
R  INDICATES RECORD WAS SET OR TIED.
MM INDICATES DATA IS MISSING.
T  INDICATES TRACE AMOUNT.




$$
