000
CDUS44 KCRP 040807 RRA
CLIVCT

CLIMATE REPORT
NATIONAL WEATHER SERVICE CORPUS CHRISTI TX
306 AM CDT MON MAY 4 2015

...................................

...THE VICTORIA CLIMATE SUMMARY FOR MAY 3 2015...

CLIMATE NORMAL PERIOD 1981 TO 2010
CLIMATE RECORD PERIOD 1893 TO 2015


WEATHER ITEM   OBSERVED TIME   RECORD YEAR NORMAL DEPARTURE LAST
                VALUE   (LST)  VALUE       VALUE  FROM      YEAR
                                                  NORMAL
..................................................................
TEMPERATURE (F)
 YESTERDAY
  MAXIMUM         84    125 PM  99    1984  84      0       92
  MINIMUM         58    234 AM  45    1929  64     -6       59
  AVERAGE         71                        74     -3       76

PRECIPITATION (IN)
  YESTERDAY        0.00          2.69 1992   0.15  -0.15     0.00
  MONTH TO DATE    0.00                      0.45  -0.45     0.00
  SINCE MAR 1     15.18                      6.04   9.14     2.00
  SINCE JAN 1     19.23                     10.64   8.59     3.66

SNOWFALL (IN)
  YESTERDAY        0.0
  MONTH TO DATE    0.0
  SINCE MAR 1      0.0
  SINCE JUL 1      0.0
  SNOW DEPTH       0

DEGREE DAYS
 HEATING
  YESTERDAY        0                         0      0        0
  MONTH TO DATE    0                         0      0        3
  SINCE MAR 1    140                       155    -15      240
  SINCE JUL 1   1220                      1248    -28     1493

 COOLING
  YESTERDAY        6                         9     -3       11
  MONTH TO DATE   15                        27    -12       13
  SINCE MAR 1    307                       278     29      268
  SINCE JAN 1    322                       316      6      326
..................................................................


WIND (MPH)
  HIGHEST WIND SPEED    23   HIGHEST WIND DIRECTION    SE (140)
  HIGHEST GUST SPEED    29   HIGHEST GUST DIRECTION    SE (140)
  AVERAGE WIND SPEED    10.3


SKY COVER
  POSSIBLE SUNSHINE  MM
  AVERAGE SKY COVER 0.1


WEATHER CONDITIONS
 THE FOLLOWING WEATHER WAS RECORDED YESTERDAY.
  NO SIGNIFICANT WEATHER WAS OBSERVED.


RELATIVE HUMIDITY (PERCENT)
 HIGHEST    97           400 AM
 LOWEST     54          1000 AM
 AVERAGE    76

..........................................................


THE VICTORIA CLIMATE NORMALS FOR TODAY
                         NORMAL    RECORD    YEAR
 MAXIMUM TEMPERATURE (F)   84        95      1951
 MINIMUM TEMPERATURE (F)   65        45      1954


SUNRISE AND SUNSET
MAY  4 2015...........SUNRISE   644 AM CDT   SUNSET   805 PM CDT
MAY  5 2015...........SUNRISE   643 AM CDT   SUNSET   806 PM CDT


-  INDICATES NEGATIVE NUMBERS.
R  INDICATES RECORD WAS SET OR TIED.
MM INDICATES DATA IS MISSING.
T  INDICATES TRACE AMOUNT.

$$
