000
CDUS42 KMLB 180630
CLIVRB


CLIMATE REPORT
NATIONAL WEATHER SERVICE MELBOURNE FL
227 AM EDT SAT APR 18 2015


...................................

...THE VERO BEACH CLIMATE SUMMARY FOR APRIL 17 2015...

CLIMATE NORMAL PERIOD 1981 TO 2010
CLIMATE RECORD PERIOD 1942 TO 2015


WEATHER ITEM   OBSERVED TIME   RECORD YEAR NORMAL DEPARTURE LAST
                VALUE   (LST)  VALUE       VALUE  FROM      YEAR
                                                  NORMAL
..................................................................
TEMPERATURE (F)
 YESTERDAY
  MAXIMUM         88   1226 PM  90    2006  81      7       79
                                      1972
  MINIMUM         67    554 AM  45    1962  61      6       72
  AVERAGE         78                        71      7       76

PRECIPITATION (IN)
  YESTERDAY        T             0.27 1974   0.09  -0.09      T
  MONTH TO DATE    0.80                      1.62  -0.82     0.68
  SINCE MAR 1      3.18                      5.74  -2.56     2.63
  SINCE JAN 1      6.81                     10.91  -4.10     9.18

SNOWFALL (IN)
  YESTERDAY        0.0
  MONTH TO DATE    0.0
  SINCE JUL 1      0.0

DEGREE DAYS
 HEATING
  YESTERDAY        0                         0      0        0
  MONTH TO DATE    0                        13    -13        5
  SINCE MAR 1     12                        68    -56       33
  SINCE JUL 1    384                       453    -69      268

 COOLING
  YESTERDAY       13                         6      7       11
  MONTH TO DATE  185                        95     90      118
  SINCE MAR 1    428                       224    204      238
  SINCE JAN 1    553                       363    190      446
..................................................................


WIND (MPH)
  HIGHEST WIND SPEED    14   HIGHEST WIND DIRECTION    SE (130)
  HIGHEST GUST SPEED    18   HIGHEST GUST DIRECTION    SW (230)
  AVERAGE WIND SPEED     5.2


SKY COVER
  AVERAGE SKY COVER 0.4


WEATHER CONDITIONS
 THE FOLLOWING WEATHER WAS RECORDED YESTERDAY.
  THUNDERSTORM
  LIGHT RAIN
  FOG
  FOG W/VISIBILITY <= 1/4 MILE
  HAZE


RELATIVE HUMIDITY (PERCENT)
 HIGHEST    93           600 AM
 LOWEST     50          1200 PM
 AVERAGE    72

..........................................................


THE VERO BEACH CLIMATE NORMALS FOR TODAY
                         NORMAL    RECORD    YEAR
 MAXIMUM TEMPERATURE (F)   81        90      1988
 MINIMUM TEMPERATURE (F)   61        45      1983


SUNRISE AND SUNSET
APRIL 18 2015.........SUNRISE   654 AM EDT   SUNSET   748 PM EDT
APRIL 19 2015.........SUNRISE   653 AM EDT   SUNSET   749 PM EDT


-  INDICATES NEGATIVE NUMBERS.
R  INDICATES RECORD WAS SET OR TIED.
MM INDICATES DATA IS MISSING.
T  INDICATES TRACE AMOUNT.




$$
